File: /var/www/sites/serdaterra.com.br/logs/access.log
127.0.0.1 - - [09/Mar/2026:17:43:40 +0000] "HEAD /wp-login.php HTTP/1.1" 302 0 "-" "curl/8.5.0"
127.0.0.1 - - [09/Mar/2026:17:43:40 +0000] "HEAD / HTTP/1.1" 302 0 "-" "curl/8.5.0"
127.0.0.1 - - [09/Mar/2026:17:44:09 +0000] "HEAD / HTTP/1.1" 302 0 "-" "curl/8.5.0"
104.23.225.151 - - [09/Mar/2026:17:52:44 +0000] "POST /wp-cron.php?doing_wp_cron=1773078764.3195879459381103515625 HTTP/1.1" 200 31 "-" "WordPress/6.9.1; https://serdaterra.com.br"
104.22.24.114 - - [09/Mar/2026:17:52:44 +0000] "GET /robots.txt HTTP/1.1" 302 5 "-" "Mozilla/5.0 (compatible; Googlebot/2.1; +http://www.google.com/bot.html)"
104.22.1.33 - - [09/Mar/2026:17:52:45 +0000] "GET / HTTP/1.1" 302 5 "-" "Mozilla/5.0 (Linux; Android 6.0.1; Nexus 5X Build/MMB29P) AppleWebKit/537.36 (KHTML, like Gecko) Chrome/99.0.4844.84 Mobile Safari/537.36 (compatible; Googlebot/2.1; +http://www.google.com/bot.html)"
104.23.245.207 - - [09/Mar/2026:17:52:45 +0000] "GET / HTTP/1.1" 302 5 "-" "Mozilla/5.0 (compatible; Googlebot/2.1; +http://www.google.com/bot.html)"
172.71.183.151 - - [09/Mar/2026:18:30:26 +0000] "GET / HTTP/1.1" 302 5 "-" "Mozilla/5.0 (iPhone; CPU iPhone OS 13_2_3 like Mac OS X) AppleWebKit/605.1.15 (KHTML, like Gecko) Version/13.0.3 Mobile/15E148 Safari/604.1"
37.187.103.89 - - [09/Mar/2026:18:45:05 +0000] "POST /wp-cron.php?doing_wp_cron=1773081905.1070790290832519531250 HTTP/1.1" 200 31 "-" "WordPress/6.9.1; https://serdaterra.com.br"
37.187.103.89 - - [09/Mar/2026:18:45:05 +0000] "HEAD / HTTP/1.1" 302 0 "-" "curl/8.5.0"
23.178.112.108 - - [09/Mar/2026:18:47:06 +0000] "GET /.well-known/acme-challenge/J1ex4vg8dYkl_pqJK2hy2Qm8JUY97PBsAscHS6XbiJU HTTP/1.1" 200 87 "-" "Mozilla/5.0 (compatible; Let's Encrypt validation server; +https://www.letsencrypt.org)"
13.50.15.131 - - [09/Mar/2026:18:47:07 +0000] "GET /.well-known/acme-challenge/J1ex4vg8dYkl_pqJK2hy2Qm8JUY97PBsAscHS6XbiJU HTTP/1.1" 200 87 "-" "Mozilla/5.0 (compatible; Let's Encrypt validation server; +https://www.letsencrypt.org)"
3.145.29.36 - - [09/Mar/2026:18:47:07 +0000] "GET /.well-known/acme-challenge/J1ex4vg8dYkl_pqJK2hy2Qm8JUY97PBsAscHS6XbiJU HTTP/1.1" 200 87 "-" "Mozilla/5.0 (compatible; Let's Encrypt validation server; +https://www.letsencrypt.org)"
13.229.87.50 - - [09/Mar/2026:18:47:07 +0000] "GET /.well-known/acme-challenge/J1ex4vg8dYkl_pqJK2hy2Qm8JUY97PBsAscHS6XbiJU HTTP/1.1" 200 87 "-" "Mozilla/5.0 (compatible; Let's Encrypt validation server; +https://www.letsencrypt.org)"
44.251.114.201 - - [09/Mar/2026:18:47:07 +0000] "GET /.well-known/acme-challenge/J1ex4vg8dYkl_pqJK2hy2Qm8JUY97PBsAscHS6XbiJU HTTP/1.1" 200 87 "-" "Mozilla/5.0 (compatible; Let's Encrypt validation server; +https://www.letsencrypt.org)"
37.187.103.89 - - [09/Mar/2026:18:47:24 +0000] "POST /wp-cron.php?doing_wp_cron=1773082044.4707999229431152343750 HTTP/1.1" 200 31 "-" "WordPress/6.9.1; https://serdaterra.com.br"
195.221.56.3 - - [09/Mar/2026:18:47:24 +0000] "GET / HTTP/1.1" 302 5 "-" "Mozilla/5.0 (Windows NT 10.0; Win64; x64) AppleWebKit/537.36 (KHTML, like Gecko) Chrome/131.0.0.0 Safari/537.36"
195.221.56.3 - - [09/Mar/2026:18:47:25 +0000] "GET /setup/ HTTP/1.1" 302 5 "-" "Mozilla/5.0 (Windows NT 10.0; Win64; x64) AppleWebKit/537.36 (KHTML, like Gecko) Chrome/131.0.0.0 Safari/537.36"
195.221.56.3 - - [09/Mar/2026:18:47:26 +0000] "POST /_internal/api/setup.php?action=exists HTTP/1.1" 404 196 "-" "Mozilla/5.0 (Windows NT 10.0; Win64; x64) AppleWebKit/537.36 (KHTML, like Gecko) Chrome/131.0.0.0 Safari/537.36"
195.221.56.3 - - [09/Mar/2026:18:47:26 +0000] "POST /_internal/api/setup.php?action=exists HTTP/1.1" 404 196 "-" "Mozilla/5.0 (Windows NT 10.0; Win64; x64) AppleWebKit/537.36 (KHTML, like Gecko) Chrome/131.0.0.0 Safari/537.36"
195.221.56.3 - - [09/Mar/2026:18:47:26 +0000] "GET /api/user/ HTTP/1.1" 302 5 "-" "Mozilla/5.0 (Windows NT 10.0; Win64; x64) AppleWebKit/537.36 (KHTML, like Gecko) Chrome/131.0.0.0 Safari/537.36"
37.187.103.89 - - [09/Mar/2026:18:47:28 +0000] "HEAD / HTTP/1.1" 302 0 "-" "curl/8.5.0"
37.187.103.89 - - [09/Mar/2026:18:47:28 +0000] "" 400 0 "-" "-"
104.252.191.39 - - [09/Mar/2026:18:47:29 +0000] "GET / HTTP/1.1" 302 5 "-" "Mozilla/5.0 (Macintosh; Intel Mac OS X 10_15_7) AppleWebKit/537.36 (KHTML, like Gecko) Chrome/117.0.0.0 Safari/537.36"
104.164.173.33 - - [09/Mar/2026:18:47:40 +0000] "GET / HTTP/1.1" 302 5 "-" "Mozilla/5.0 (Macintosh; Intel Mac OS X 10_15_7) AppleWebKit/537.36 (KHTML, like Gecko) Chrome/117.0.0.0 Safari/537.36"
187.70.4.203 - - [09/Mar/2026:18:48:05 +0000] "GET / HTTP/1.1" 302 5 "-" "Mozilla/5.0 (Linux; Android 10; K) AppleWebKit/537.36 (KHTML, like Gecko) Chrome/145.0.0.0 Mobile Safari/537.36"
104.252.191.39 - - [09/Mar/2026:18:48:09 +0000] "GET / HTTP/1.1" 302 5 "-" "Mozilla/5.0 (Windows NT 10.0; Win64; x64) AppleWebKit/537.36 (KHTML, like Gecko) Chrome/116.0.0.0 Safari/537.36"
104.164.173.33 - - [09/Mar/2026:18:48:13 +0000] "GET / HTTP/1.1" 302 5 "-" "Mozilla/5.0 (X11; Linux x86_64) AppleWebKit/537.36 (KHTML, like Gecko) Chrome/116.0.0.0 Safari/537.36"
176.65.148.161 - - [09/Mar/2026:18:49:58 +0000] "HEAD / HTTP/1.1" 302 0 "http://serdaterra.com.br" "Mozilla/5.0 (compatible; Let's Encrypt validation server; +https://www.letsencrypt.org)"
176.65.148.161 - - [09/Mar/2026:18:49:59 +0000] "GET / HTTP/1.1" 302 5 "http://serdaterra.com.br" "Mozilla/5.0 (compatible; Let's Encrypt validation server; +https://www.letsencrypt.org)"
176.65.148.161 - - [09/Mar/2026:18:49:59 +0000] "HEAD /_next HTTP/1.1" 302 0 "http://serdaterra.com.br/_next" "Mozilla/5.0 (compatible; Let's Encrypt validation server; +https://www.letsencrypt.org)"
176.65.148.161 - - [09/Mar/2026:18:50:01 +0000] "HEAD / HTTP/1.1" 302 0 "http://serdaterra.com.br" "Mozilla/5.0 (compatible; Let's Encrypt validation server; +https://www.letsencrypt.org)"
176.65.148.161 - - [09/Mar/2026:18:50:02 +0000] "GET / HTTP/1.1" 302 5 "http://serdaterra.com.br" "Mozilla/5.0 (compatible; Let's Encrypt validation server; +https://www.letsencrypt.org)"
176.65.148.161 - - [09/Mar/2026:18:50:03 +0000] "HEAD /_next HTTP/1.1" 302 0 "http://serdaterra.com.br/_next" "Mozilla/5.0 (compatible; Let's Encrypt validation server; +https://www.letsencrypt.org)"
176.65.148.161 - - [09/Mar/2026:18:51:10 +0000] "HEAD / HTTP/1.1" 302 0 "http://serdaterra.com.br" "Mozilla/5.0 (compatible; Let's Encrypt validation server; +https://www.letsencrypt.org)"
176.65.148.161 - - [09/Mar/2026:18:51:10 +0000] "GET / HTTP/1.1" 302 5 "http://serdaterra.com.br" "Mozilla/5.0 (compatible; Let's Encrypt validation server; +https://www.letsencrypt.org)"
176.65.148.161 - - [09/Mar/2026:18:51:11 +0000] "HEAD /_next HTTP/1.1" 302 0 "http://serdaterra.com.br/_next" "Mozilla/5.0 (compatible; Let's Encrypt validation server; +https://www.letsencrypt.org)"
176.65.148.161 - - [09/Mar/2026:18:53:39 +0000] "HEAD / HTTP/1.1" 302 0 "http://serdaterra.com.br" "Mozilla/5.0 (compatible; Let's Encrypt validation server; +https://www.letsencrypt.org)"
176.65.148.161 - - [09/Mar/2026:18:53:39 +0000] "GET / HTTP/1.1" 302 5 "http://serdaterra.com.br" "Mozilla/5.0 (compatible; Let's Encrypt validation server; +https://www.letsencrypt.org)"
176.65.148.161 - - [09/Mar/2026:18:53:40 +0000] "HEAD /_next HTTP/1.1" 302 0 "http://serdaterra.com.br/_next" "Mozilla/5.0 (compatible; Let's Encrypt validation server; +https://www.letsencrypt.org)"
66.249.64.128 - - [09/Mar/2026:18:55:24 +0000] "GET /robots.txt HTTP/1.1" 302 5 "-" "Mozilla/5.0 (compatible; Googlebot/2.1; +http://www.google.com/bot.html)"
66.249.64.128 - - [09/Mar/2026:18:55:27 +0000] "GET / HTTP/1.1" 302 5 "-" "Mozilla/5.0 (compatible; Googlebot/2.1; +http://www.google.com/bot.html)"
146.70.185.32 - - [09/Mar/2026:18:58:42 +0000] "HEAD / HTTP/1.1" 302 0 "-" "Mozilla/5.0 (Windows NT 10.0; Win64; x64) AppleWebKit/537.36 (KHTML, like Gecko) Chrome/58.0.3029.110 Safari/537.3"
191.39.142.18 - - [09/Mar/2026:18:59:49 +0000] "GET / HTTP/1.1" 302 5 "-" "Mozilla/5.0 (Linux; Android 10; K) AppleWebKit/537.36 (KHTML, like Gecko) Chrome/145.0.0.0 Mobile Safari/537.36"
191.39.142.18 - - [09/Mar/2026:19:00:11 +0000] "GET / HTTP/1.1" 302 5 "-" "Mozilla/5.0 (Linux; Android 10; K) AppleWebKit/537.36 (KHTML, like Gecko) Chrome/145.0.0.0 Mobile Safari/537.36"
177.137.47.215 - - [09/Mar/2026:19:07:34 +0000] "GET / HTTP/1.1" 302 5 "-" "Mozilla/5.0 (Linux; Android 10; K) AppleWebKit/537.36 (KHTML, like Gecko) Chrome/145.0.0.0 Mobile Safari/537.36"
154.28.229.91 - - [09/Mar/2026:19:07:38 +0000] "GET / HTTP/1.1" 302 5 "-" "Mozilla/5.0 (Windows NT 10.0; Win64; x64) AppleWebKit/537.36 (KHTML, like Gecko) Chrome/116.0.0.0 Safari/537.36"
104.252.191.54 - - [09/Mar/2026:19:07:38 +0000] "GET / HTTP/1.1" 302 5 "-" "Mozilla/5.0 (Macintosh; Intel Mac OS X 10_15_7) AppleWebKit/537.36 (KHTML, like Gecko) Chrome/116.0.0.0 Safari/537.36"
54.242.188.89 - - [09/Mar/2026:19:07:39 +0000] "GET / HTTP/1.1" 302 5 "-" "okhttp/5.3.0"
104.252.191.54 - - [09/Mar/2026:19:07:46 +0000] "GET / HTTP/1.1" 302 5 "-" "Mozilla/5.0 (X11; Linux x86_64) AppleWebKit/537.36 (KHTML, like Gecko) Chrome/116.0.0.0 Safari/537.36"
54.242.188.89 - - [09/Mar/2026:19:08:25 +0000] "GET / HTTP/1.1" 302 5 "-" "Mozilla/5.0 (X11; Linux x86_64) AppleWebKit/537.36 (KHTML, like Gecko) HeadlessChrome/138.0.7204.23 Safari/537.36"
191.39.142.18 - - [09/Mar/2026:19:09:48 +0000] "GET /wp-admin HTTP/1.1" 301 178 "-" "Mozilla/5.0 (X11; Linux x86_64; rv:148.0) Gecko/20100101 Firefox/148.0"
191.39.142.18 - - [09/Mar/2026:19:09:49 +0000] "GET /wp-admin/ HTTP/1.1" 302 5 "-" "Mozilla/5.0 (X11; Linux x86_64; rv:148.0) Gecko/20100101 Firefox/148.0"
191.39.142.18 - - [09/Mar/2026:19:09:50 +0000] "GET /wp-login.php?redirect_to=https%3A%2F%2Fserdaterra.com.br%2Fwp-admin%2F&reauth=1 HTTP/1.1" 200 3134 "-" "Mozilla/5.0 (X11; Linux x86_64; rv:148.0) Gecko/20100101 Firefox/148.0"
191.39.142.18 - - [09/Mar/2026:19:09:50 +0000] "GET /wp-admin/load-styles.php?c=0&dir=ltr&load%5Bchunk_0%5D=dashicons,buttons,forms,l10n,login&ver=6.9.1 HTTP/1.1" 200 103193 "https://serdaterra.com.br/wp-login.php?redirect_to=https%3A%2F%2Fserdaterra.com.br%2Fwp-admin%2F&reauth=1" "Mozilla/5.0 (X11; Linux x86_64; rv:148.0) Gecko/20100101 Firefox/148.0"
191.39.142.18 - - [09/Mar/2026:19:09:51 +0000] "GET /wp-admin/load-scripts.php?c=0&load%5Bchunk_0%5D=clipboard,jquery-core,jquery-migrate,zxcvbn-async,wp-hooks&ver=6.9.1 HTTP/1.1" 200 116289 "https://serdaterra.com.br/wp-login.php?redirect_to=https%3A%2F%2Fserdaterra.com.br%2Fwp-admin%2F&reauth=1" "Mozilla/5.0 (X11; Linux x86_64; rv:148.0) Gecko/20100101 Firefox/148.0"
191.39.142.18 - - [09/Mar/2026:19:09:57 +0000] "POST /wp-login.php HTTP/1.1" 200 3296 "https://serdaterra.com.br/wp-login.php?redirect_to=https%3A%2F%2Fserdaterra.com.br%2Fwp-admin%2F&reauth=1" "Mozilla/5.0 (X11; Linux x86_64; rv:148.0) Gecko/20100101 Firefox/148.0"
37.187.103.89 - - [09/Mar/2026:19:15:46 +0000] "POST /wp-cron.php?doing_wp_cron=1773083745.7639179229736328125000 HTTP/1.1" 200 31 "-" "WordPress/6.9.1; https://serdaterra.com.br"
74.7.230.4 - - [09/Mar/2026:19:15:46 +0000] "GET /robots.txt HTTP/1.1" 302 5 "-" "Mozilla/5.0 (Macintosh; Intel Mac OS X 10_15_7) AppleWebKit/537.36 (KHTML, like Gecko) Chrome/131.0.0.0 Safari/537.36; compatible; OAI-SearchBot/1.3; robots.txt; +https://openai.com/searchbot"
20.229.169.205 - - [09/Mar/2026:19:18:19 +0000] "GET / HTTP/1.1" 302 5 "-" "Mozilla/5.0 (Windows NT 10.0; Win64; x64) AppleWebKit/537.36 (KHTML, like Gecko) Chrome/132.0.0.0 Safari/537.36 Edg/131.0.2903.86"
37.187.103.89 - - [09/Mar/2026:19:45:41 +0000] "POST /wp-cron.php?doing_wp_cron=1773085541.1304409503936767578125 HTTP/1.1" 200 31 "-" "WordPress/6.9.1; https://serdaterra.com.br"
103.4.251.84 - - [09/Mar/2026:19:45:41 +0000] "GET / HTTP/1.1" 302 5 "-" "Mozilla/5.0 (Macintosh; Intel Mac OS X 10_15_7) AppleWebKit/537.36 (KHTML, like Gecko) Chrome/116.0.0.0 Safari/537.36"
37.187.103.89 - - [09/Mar/2026:19:45:41 +0000] "POST /wp-cron.php?doing_wp_cron=1773085541.1295990943908691406250 HTTP/1.1" 200 31 "-" "WordPress/6.9.1; https://serdaterra.com.br"
103.4.251.129 - - [09/Mar/2026:19:45:41 +0000] "GET / HTTP/1.1" 302 5 "-" "Mozilla/5.0 (X11; Linux x86_64) AppleWebKit/537.36 (KHTML, like Gecko) Chrome/117.0.0.0 Safari/537.36"
103.4.251.84 - - [09/Mar/2026:19:45:48 +0000] "GET / HTTP/1.1" 302 5 "-" "Mozilla/5.0 (Macintosh; Intel Mac OS X 10_15_7) AppleWebKit/537.36 (KHTML, like Gecko) Chrome/117.0.0.0 Safari/537.36"
185.226.197.37 - - [09/Mar/2026:19:47:10 +0000] "GET / HTTP/1.1" 302 5 "-" "Mozilla/5.0 AppleWebKit/537.36 (KHTML, like Gecko) Chrome/123.0.6312.86 Safari/537.36 BitSightBot/1.0"
141.51.110.126 - - [09/Mar/2026:20:03:44 +0000] "GET / HTTP/1.1" 302 5 "-" "Mozilla/5.0 (Windows NT 10.0; Win64; x64) AppleWebKit/537.36 (KHTML, like Gecko) Chrome/144.0.0.0 Safari/537.36"
74.7.230.4 - - [09/Mar/2026:20:19:08 +0000] "GET /robots.txt HTTP/1.1" 302 5 "-" "Mozilla/5.0 (Macintosh; Intel Mac OS X 10_15_7) AppleWebKit/537.36 (KHTML, like Gecko) Chrome/131.0.0.0 Safari/537.36; compatible; OAI-SearchBot/1.3; robots.txt; +https://openai.com/searchbot"
43.228.157.37 - - [09/Mar/2026:20:32:11 +0000] "GET /jquery-file-upload/server/php/index.php?file=tf2rghf.jpg HTTP/1.1" 404 162 "-" "ALittle Client"
74.7.230.4 - - [09/Mar/2026:20:33:06 +0000] "GET /robots.txt HTTP/1.1" 302 5 "-" "Mozilla/5.0 (Macintosh; Intel Mac OS X 10_15_7) AppleWebKit/537.36 (KHTML, like Gecko) Chrome/131.0.0.0 Safari/537.36; compatible; OAI-SearchBot/1.3; robots.txt; +https://openai.com/searchbot"
74.7.230.4 - - [09/Mar/2026:20:41:17 +0000] "GET /robots.txt HTTP/1.1" 302 5 "-" "Mozilla/5.0 (Macintosh; Intel Mac OS X 10_15_7) AppleWebKit/537.36 (KHTML, like Gecko) Chrome/131.0.0.0 Safari/537.36; compatible; OAI-SearchBot/1.3; robots.txt; +https://openai.com/searchbot"
191.39.142.18 - - [09/Mar/2026:20:41:47 +0000] "POST /wp-login.php HTTP/1.1" 200 3296 "https://serdaterra.com.br/wp-login.php" "Mozilla/5.0 (X11; Linux x86_64; rv:148.0) Gecko/20100101 Firefox/148.0"
191.39.142.18 - - [09/Mar/2026:20:42:12 +0000] "GET /wp-login.php?action=lostpassword HTTP/1.1" 200 1434 "https://serdaterra.com.br/wp-login.php" "Mozilla/5.0 (X11; Linux x86_64; rv:148.0) Gecko/20100101 Firefox/148.0"
191.39.142.18 - - [09/Mar/2026:20:42:16 +0000] "POST /wp-login.php?action=lostpassword HTTP/1.1" 200 1528 "https://serdaterra.com.br/wp-login.php?action=lostpassword" "Mozilla/5.0 (X11; Linux x86_64; rv:148.0) Gecko/20100101 Firefox/148.0"
191.39.142.18 - - [09/Mar/2026:20:42:25 +0000] "POST /wp-login.php?action=lostpassword HTTP/1.1" 200 1538 "https://serdaterra.com.br/wp-login.php?action=lostpassword" "Mozilla/5.0 (X11; Linux x86_64; rv:148.0) Gecko/20100101 Firefox/148.0"
37.187.103.89 - - [09/Mar/2026:20:44:55 +0000] "POST /wp-cron.php?doing_wp_cron=1773089094.7500939369201660156250 HTTP/1.1" 200 31 "-" "WordPress/6.9.1; https://serdaterra.com.br"
191.39.142.18 - - [09/Mar/2026:20:47:31 +0000] "POST /wp-login.php?action=lostpassword HTTP/1.1" 200 1610 "https://serdaterra.com.br/wp-login.php?action=lostpassword" "Mozilla/5.0 (X11; Linux x86_64; rv:148.0) Gecko/20100101 Firefox/148.0"
191.39.142.18 - - [09/Mar/2026:20:59:34 +0000] "POST /wp-login.php?action=lostpassword HTTP/1.1" 302 5 "https://serdaterra.com.br/wp-login.php?action=lostpassword" "Mozilla/5.0 (X11; Linux x86_64; rv:148.0) Gecko/20100101 Firefox/148.0"
191.39.142.18 - - [09/Mar/2026:20:59:34 +0000] "GET /wp-login.php?checkemail=confirm HTTP/1.1" 200 1084 "https://serdaterra.com.br/wp-login.php?action=lostpassword" "Mozilla/5.0 (X11; Linux x86_64; rv:148.0) Gecko/20100101 Firefox/148.0"
217.182.64.155 - - [09/Mar/2026:21:23:09 +0000] "GET / HTTP/1.1" 302 5 "-" "{USER_AGENT}"
191.39.142.18 - - [09/Mar/2026:21:25:03 +0000] "POST /wp-login.php?action=lostpassword HTTP/1.1" 302 5 "https://serdaterra.com.br/wp-login.php?action=lostpassword" "Mozilla/5.0 (X11; Linux x86_64; rv:148.0) Gecko/20100101 Firefox/148.0"
191.39.142.18 - - [09/Mar/2026:21:25:04 +0000] "GET /wp-login.php?checkemail=confirm HTTP/1.1" 200 1084 "https://serdaterra.com.br/wp-login.php?action=lostpassword" "Mozilla/5.0 (X11; Linux x86_64; rv:148.0) Gecko/20100101 Firefox/148.0"
37.187.103.89 - - [09/Mar/2026:21:50:23 +0000] "POST /wp-cron.php?doing_wp_cron=1773093022.6427369117736816406250 HTTP/1.1" 200 31 "-" "WordPress/6.9.1; https://serdaterra.com.br"
191.39.142.18 - - [09/Mar/2026:21:50:23 +0000] "GET / HTTP/1.1" 302 5 "-" "Mozilla/5.0 (X11; Linux x86_64; rv:148.0) Gecko/20100101 Firefox/148.0"
51.68.236.69 - - [09/Mar/2026:22:33:58 +0000] "GET /robots.txt HTTP/1.1" 302 5 "-" "Mozilla/5.0 (compatible; MJ12bot/v2.0.5; http://mj12bot.com/)"
35.86.212.242 - - [09/Mar/2026:22:34:10 +0000] "GET /robots.txt HTTP/1.1" 302 5 "-" "Mozilla/5.0 (compatible; wpbot/1.4; +https://forms.gle/ajBaxygz9jSR8p8G9)"
51.89.23.223 - - [09/Mar/2026:22:36:13 +0000] "GET / HTTP/1.1" 302 5 "-" "{USER_AGENT}"
37.187.103.89 - - [09/Mar/2026:22:53:52 +0000] "POST /wp-cron.php?doing_wp_cron=1773096832.1473419666290283203125 HTTP/1.1" 200 31 "-" "WordPress/6.9.1; https://serdaterra.com.br"
8.229.97.48 - - [09/Mar/2026:22:53:52 +0000] "GET / HTTP/1.1" 302 5 "-" "Mozilla/5.0 (Linux; Android 12; Pixel 6) AppleWebKit/537.36 (KHTML, like Gecko) Chrome/114.0.0.0 Mobile Safari/537.36"
54.210.3.35 - - [09/Mar/2026:23:00:36 +0000] "GET / HTTP/1.1" 302 5 "-" "okhttp/5.3.0"
54.210.3.35 - - [09/Mar/2026:23:01:26 +0000] "GET / HTTP/1.1" 302 5 "-" "Mozilla/5.0 (X11; Linux x86_64) AppleWebKit/537.36 (KHTML, like Gecko) HeadlessChrome/138.0.7204.23 Safari/537.36"
51.68.111.238 - - [09/Mar/2026:23:07:19 +0000] "GET /robots.txt HTTP/1.1" 302 5 "-" "Mozilla/5.0 (compatible; MJ12bot/v2.0.5; http://mj12bot.com/)"
114.119.137.122 - - [09/Mar/2026:23:10:16 +0000] "GET /arranjos4.shtml HTTP/1.1" 302 5 "http://serdaterra.com.br/arranjos6.shtml" "Mozilla/5.0 (Linux; Android 7.0;) AppleWebKit/537.36 (KHTML, like Gecko) Mobile Safari/537.36 (compatible; PetalBot;+https://webmaster.petalsearch.com/site/petalbot)"
43.157.191.20 - - [09/Mar/2026:23:40:27 +0000] "GET / HTTP/1.1" 302 5 "http://serdaterra.com.br" "Mozilla/5.0 (iPhone; CPU iPhone OS 13_2_3 like Mac OS X) AppleWebKit/605.1.15 (KHTML, like Gecko) Version/13.0.3 Mobile/15E148 Safari/604.1"
37.187.103.89 - - [10/Mar/2026:00:33:27 +0000] "POST /wp-cron.php?doing_wp_cron=1773102806.8815419673919677734375 HTTP/1.1" 200 31 "-" "WordPress/6.9.1; https://serdaterra.com.br"
114.119.136.111 - - [10/Mar/2026:00:33:27 +0000] "GET /arranjos7.shtml HTTP/1.1" 302 5 "http://serdaterra.com.br/arranjos6.shtml" "Mozilla/5.0 (Linux; Android 7.0;) AppleWebKit/537.36 (KHTML, like Gecko) Mobile Safari/537.36 (compatible; PetalBot;+https://webmaster.petalsearch.com/site/petalbot)"
37.187.103.89 - - [10/Mar/2026:01:05:00 +0000] "POST /wp-cron.php?doing_wp_cron=1773104700.3608849048614501953125 HTTP/1.1" 200 31 "-" "WordPress/6.9.1; https://serdaterra.com.br"
43.130.72.40 - - [10/Mar/2026:01:05:00 +0000] "GET / HTTP/1.1" 302 5 "http://serdaterra.com.br" "Mozilla/5.0 (iPhone; CPU iPhone OS 13_2_3 like Mac OS X) AppleWebKit/605.1.15 (KHTML, like Gecko) Version/13.0.3 Mobile/15E148 Safari/604.1"
93.123.109.214 - - [10/Mar/2026:01:33:27 +0000] "GET / HTTP/1.1" 302 5 "-" "Mozilla/5.0 (Windows NT 10.0; Win64; x64) AppleWebKit/537.36 (KHTML, like Gecko) Chrome/131.0.0.0 Safari/537.36"
37.187.103.89 - - [10/Mar/2026:01:57:46 +0000] "POST /wp-cron.php?doing_wp_cron=1773107866.1309990882873535156250 HTTP/1.1" 200 31 "-" "WordPress/6.9.1; https://serdaterra.com.br"
191.38.4.40 - - [10/Mar/2026:01:57:46 +0000] "GET / HTTP/1.1" 302 5 "-" "Mozilla/5.0 (X11; Linux x86_64; rv:148.0) Gecko/20100101 Firefox/148.0"
191.38.4.40 - - [10/Mar/2026:01:57:50 +0000] "GET /wp-login.php?checkemail=confirm HTTP/1.1" 200 1084 "-" "Mozilla/5.0 (X11; Linux x86_64; rv:148.0) Gecko/20100101 Firefox/148.0"
191.38.4.40 - - [10/Mar/2026:01:57:53 +0000] "GET /wp-login.php HTTP/1.1" 200 3125 "https://serdaterra.com.br/wp-login.php?checkemail=confirm" "Mozilla/5.0 (X11; Linux x86_64; rv:148.0) Gecko/20100101 Firefox/148.0"
191.38.4.40 - - [10/Mar/2026:01:57:55 +0000] "GET /wp-login.php?action=lostpassword HTTP/1.1" 200 1434 "https://serdaterra.com.br/wp-login.php" "Mozilla/5.0 (X11; Linux x86_64; rv:148.0) Gecko/20100101 Firefox/148.0"
44.204.29.236 - - [10/Mar/2026:02:00:18 +0000] "GET /.git/config HTTP/1.1" 302 5 "-" "Mozilla/5.0 (Macintosh; Intel Mac OS X 10_13_6) AppleWebKit/608.2.11 (KHTML, like Gecko) Version/13 Safari/608.2.11"
74.7.230.4 - - [10/Mar/2026:02:09:28 +0000] "GET /robots.txt HTTP/1.1" 302 5 "-" "Mozilla/5.0 (Macintosh; Intel Mac OS X 10_15_7) AppleWebKit/537.36 (KHTML, like Gecko) Chrome/131.0.0.0 Safari/537.36; compatible; OAI-SearchBot/1.3; robots.txt; +https://openai.com/searchbot"
139.59.32.166 - - [10/Mar/2026:02:22:02 +0000] "GET /wp-admin/css/ HTTP/1.1" 403 195 "binance.com" "Mozilla/5.0 (Windows NT 10.0; Win64; x64) AppleWebKit/537.36 (KHTML, like Gecko) Chrome/90.0.4430.85 Safari/537.36"
149.154.161.234 - - [10/Mar/2026:02:27:23 +0000] "GET /public/ HTTP/1.1" 302 5 "-" "TelegramBot (like TwitterBot)"
37.187.103.89 - - [10/Mar/2026:03:06:07 +0000] "POST /wp-cron.php?doing_wp_cron=1773111966.7497739791870117187500 HTTP/1.1" 200 31 "-" "WordPress/6.9.1; https://serdaterra.com.br"
98.81.188.49 - - [10/Mar/2026:03:06:07 +0000] "GET /robots.txt HTTP/1.1" 302 5 "-" "Mozilla/5.0 (Macintosh; Intel Mac OS X 10_15_7) AppleWebKit/537.36 (KHTML, like Gecko) Chrome/108.0.0.0 Safari/537.36"
191.38.4.40 - - [10/Mar/2026:03:18:57 +0000] "POST /wp-login.php?action=lostpassword HTTP/1.1" 302 5 "https://serdaterra.com.br/wp-login.php?action=lostpassword" "Mozilla/5.0 (X11; Linux x86_64; rv:148.0) Gecko/20100101 Firefox/148.0"
191.38.4.40 - - [10/Mar/2026:03:18:57 +0000] "GET /wp-login.php?checkemail=confirm HTTP/1.1" 200 1084 "https://serdaterra.com.br/wp-login.php?action=lostpassword" "Mozilla/5.0 (X11; Linux x86_64; rv:148.0) Gecko/20100101 Firefox/148.0"
37.187.103.89 - - [10/Mar/2026:03:27:18 +0000] "POST /wp-cron.php?doing_wp_cron=1773113238.4260840415954589843750 HTTP/1.1" 200 31 "-" "WordPress/6.9.1; https://serdaterra.com.br"
37.187.103.89 - - [10/Mar/2026:03:42:35 +0000] "POST /wp-cron.php?doing_wp_cron=1773114155.4770948886871337890625 HTTP/1.1" 200 31 "-" "WordPress/6.9.1; https://serdaterra.com.br"
180.163.29.234 - - [10/Mar/2026:03:42:35 +0000] "GET / HTTP/1.1" 302 5 "http://serdaterra.com.br/" "Mozilla/5.0 (Windows NT 6.1; WOW64) AppleWebKit/537.36 (KHTML, like Gecko) Chrome/56.0.2924.87 Safari/537.36"
37.187.103.89 - - [10/Mar/2026:04:02:55 +0000] "POST /wp-cron.php?doing_wp_cron=1773115375.6649920940399169921875 HTTP/1.1" 200 31 "-" "WordPress/6.9.1; https://serdaterra.com.br"
170.64.214.144 - - [10/Mar/2026:04:02:55 +0000] "GET /wp-login.php HTTP/1.1" 200 3125 "-" "Mozilla/5.0"
170.64.214.144 - - [10/Mar/2026:04:02:56 +0000] "GET /?author=1 HTTP/1.1" 302 5 "-" "Mozilla/5.0"
170.64.214.144 - - [10/Mar/2026:04:02:56 +0000] "GET /?feed=rss2 HTTP/1.1" 302 5 "-" "Mozilla/5.0"
37.187.103.89 - - [10/Mar/2026:04:03:24 +0000] "POST /wp-cron.php?doing_wp_cron=1773115404.6499669551849365234375 HTTP/1.1" 200 31 "-" "WordPress/6.9.1; https://serdaterra.com.br"
191.38.4.40 - - [10/Mar/2026:04:03:24 +0000] "POST /wp-login.php HTTP/1.1" 200 3262 "https://serdaterra.com.br/wp-login.php?redirect_to=https%3A%2F%2Fserdaterra.com.br%2Fwp-admin%2F&reauth=1" "Mozilla/5.0 (X11; Linux x86_64; rv:148.0) Gecko/20100101 Firefox/148.0"
191.38.4.40 - - [10/Mar/2026:04:03:27 +0000] "GET /wp-login.php?action=lostpassword HTTP/1.1" 200 1434 "https://serdaterra.com.br/wp-login.php" "Mozilla/5.0 (X11; Linux x86_64; rv:148.0) Gecko/20100101 Firefox/148.0"
191.38.4.40 - - [10/Mar/2026:04:03:31 +0000] "POST /wp-login.php?action=lostpassword HTTP/1.1" 302 5 "https://serdaterra.com.br/wp-login.php?action=lostpassword" "Mozilla/5.0 (X11; Linux x86_64; rv:148.0) Gecko/20100101 Firefox/148.0"
191.38.4.40 - - [10/Mar/2026:04:03:31 +0000] "GET /wp-login.php?checkemail=confirm HTTP/1.1" 200 1084 "https://serdaterra.com.br/wp-login.php?action=lostpassword" "Mozilla/5.0 (X11; Linux x86_64; rv:148.0) Gecko/20100101 Firefox/148.0"
37.187.103.89 - - [10/Mar/2026:04:11:01 +0000] "POST /wp-cron.php?doing_wp_cron=1773115860.9718320369720458984375 HTTP/1.1" 200 31 "-" "WordPress/6.9.1; https://serdaterra.com.br"
37.187.103.89 - - [10/Mar/2026:04:16:24 +0000] "POST /wp-cron.php?doing_wp_cron=1773116184.5511889457702636718750 HTTP/1.1" 200 31 "-" "WordPress/6.9.1; https://serdaterra.com.br"
37.187.103.89 - - [10/Mar/2026:04:17:55 +0000] "POST /wp-cron.php?doing_wp_cron=1773116275.1211938858032226562500 HTTP/1.1" 200 31 "-" "WordPress/6.9.1; https://serdaterra.com.br"
191.38.4.40 - - [10/Mar/2026:04:17:55 +0000] "GET /wp-login.php?checkemail=confirm HTTP/1.1" 200 1084 "-" "Mozilla/5.0 (X11; Linux x86_64; rv:148.0) Gecko/20100101 Firefox/148.0"
191.38.4.40 - - [10/Mar/2026:04:17:57 +0000] "GET / HTTP/1.1" 302 5 "https://serdaterra.com.br/wp-login.php?checkemail=confirm" "Mozilla/5.0 (X11; Linux x86_64; rv:148.0) Gecko/20100101 Firefox/148.0"
191.38.4.40 - - [10/Mar/2026:04:17:59 +0000] "GET /wp-login.php HTTP/1.1" 200 3125 "https://serdaterra.com.br/wp-login.php?checkemail=confirm" "Mozilla/5.0 (X11; Linux x86_64; rv:148.0) Gecko/20100101 Firefox/148.0"
191.38.4.40 - - [10/Mar/2026:04:18:04 +0000] "GET /wp-login.php?action=lostpassword HTTP/1.1" 200 1434 "https://serdaterra.com.br/wp-login.php" "Mozilla/5.0 (X11; Linux x86_64; rv:148.0) Gecko/20100101 Firefox/148.0"
191.38.4.40 - - [10/Mar/2026:04:18:06 +0000] "POST /wp-login.php?action=lostpassword HTTP/1.1" 302 5 "https://serdaterra.com.br/wp-login.php?action=lostpassword" "Mozilla/5.0 (X11; Linux x86_64; rv:148.0) Gecko/20100101 Firefox/148.0"
191.38.4.40 - - [10/Mar/2026:04:18:07 +0000] "GET /wp-login.php?checkemail=confirm HTTP/1.1" 200 1084 "https://serdaterra.com.br/wp-login.php?action=lostpassword" "Mozilla/5.0 (X11; Linux x86_64; rv:148.0) Gecko/20100101 Firefox/148.0"
37.187.103.89 - - [10/Mar/2026:04:19:05 +0000] "POST /wp-cron.php?doing_wp_cron=1773116345.3286640644073486328125 HTTP/1.1" 200 31 "-" "WordPress/6.9.1; https://serdaterra.com.br"
37.187.103.89 - - [10/Mar/2026:04:21:54 +0000] "POST /wp-cron.php?doing_wp_cron=1773116514.0649299621582031250000 HTTP/1.1" 200 31 "-" "WordPress/6.9.1; https://serdaterra.com.br"
217.182.64.155 - - [10/Mar/2026:04:21:54 +0000] "GET / HTTP/1.1" 302 5 "-" "{USER_AGENT}"
37.187.103.89 - - [10/Mar/2026:04:29:40 +0000] "POST /wp-cron.php?doing_wp_cron=1773116980.6003630161285400390625 HTTP/1.1" 200 31 "-" "WordPress/6.9.1; https://serdaterra.com.br"
34.174.136.32 - - [10/Mar/2026:04:29:40 +0000] "GET / HTTP/1.1" 302 5 "-" "Mozilla/5.0 (Macintosh; Intel Mac OS X 10_15_7) AppleWebKit/537.36 (KHTML, like Gecko) Chrome/142.0.0.0 Safari/537.36"
37.187.103.89 - - [10/Mar/2026:04:31:12 +0000] "POST /wp-cron.php?doing_wp_cron=1773117072.0401229858398437500000 HTTP/1.1" 200 31 "-" "WordPress/6.9.1; https://serdaterra.com.br"
170.64.214.144 - - [10/Mar/2026:04:31:12 +0000] "POST /wp-login.php HTTP/1.1" 200 9237 "-" "Mozilla/5.0"
37.187.103.89 - - [10/Mar/2026:04:33:12 +0000] "POST /wp-cron.php?doing_wp_cron=1773117192.4722859859466552734375 HTTP/1.1" 200 31 "-" "WordPress/6.9.1; https://serdaterra.com.br"
141.148.153.213 - - [10/Mar/2026:04:33:12 +0000] "GET / HTTP/1.1" 302 5 "-" "Mozilla/5.0 (iPhone; CPU iPhone OS 17_0 like Mac OS X) AppleWebKit/605.1.15 (KHTML, like Gecko) Version/17.0 Mobile/15E148 Safari/604.1"
54.158.42.230 - - [10/Mar/2026:04:33:15 +0000] "GET / HTTP/1.1" 302 5 "-" "Mozilla/5.0 (Windows NT 10.0; Win64; x64) AppleWebKit/537.36 (KHTML, like Gecko) Chrome/141.0.0.0 Safari/537.36"
54.158.42.230 - - [10/Mar/2026:04:33:17 +0000] "GET / HTTP/1.1" 302 5 "-" "Mozilla/5.0 (iPhone; CPU iPhone OS 12_2 like Mac OS X) AppleWebKit/605.1.15 (KHTML, like Gecko) Mobile/15E148"
37.187.103.89 - - [10/Mar/2026:04:40:36 +0000] "POST /wp-cron.php?doing_wp_cron=1773117636.6207950115203857421875 HTTP/1.1" 200 31 "-" "WordPress/6.9.1; https://serdaterra.com.br"
170.64.214.144 - - [10/Mar/2026:04:40:36 +0000] "POST /wp-login.php HTTP/1.1" 200 9237 "-" "Mozilla/5.0"
37.187.103.89 - - [10/Mar/2026:04:42:46 +0000] "POST /wp-cron.php?doing_wp_cron=1773117766.2766098976135253906250 HTTP/1.1" 200 31 "-" "WordPress/6.9.1; https://serdaterra.com.br"
178.22.106.230 - - [10/Mar/2026:04:42:46 +0000] "GET / HTTP/1.1" 302 5 "-" "Mozilla/5.0 (Linux; Android 6.0; Nexus 5 Build/MRA58N) AppleWebKit/537.36 (KHTML, like Gecko) Chrome/130.0.0.0 Mobile Safari/537.36"
37.187.103.89 - - [10/Mar/2026:04:44:56 +0000] "POST /wp-cron.php?doing_wp_cron=1773117895.7634990215301513671875 HTTP/1.1" 200 31 "-" "WordPress/6.9.1; https://serdaterra.com.br"
43.155.129.131 - - [10/Mar/2026:04:44:56 +0000] "GET / HTTP/1.1" 302 5 "http://serdaterra.com.br" "Mozilla/5.0 (iPhone; CPU iPhone OS 13_2_3 like Mac OS X) AppleWebKit/605.1.15 (KHTML, like Gecko) Version/13.0.3 Mobile/15E148 Safari/604.1"
37.187.103.89 - - [10/Mar/2026:04:49:34 +0000] "POST /wp-cron.php?doing_wp_cron=1773118174.3915019035339355468750 HTTP/1.1" 200 31 "-" "WordPress/6.9.1; https://serdaterra.com.br"
170.64.214.144 - - [10/Mar/2026:04:49:34 +0000] "POST /wp-login.php HTTP/1.1" 200 9237 "-" "Mozilla/5.0"
37.187.103.89 - - [10/Mar/2026:04:59:06 +0000] "POST /wp-cron.php?doing_wp_cron=1773118745.6897161006927490234375 HTTP/1.1" 200 31 "-" "WordPress/6.9.1; https://serdaterra.com.br"
18.232.57.66 - - [10/Mar/2026:04:59:06 +0000] "GET / HTTP/1.1" 302 5 "-" "Mozilla/5.0 (X11; Linux x86_64) AppleWebKit/537.36 (KHTML, like Gecko) Chrome/77.0.3865.120 Safari/537.36"
18.232.57.66 - - [10/Mar/2026:04:59:06 +0000] "GET / HTTP/1.1" 302 5 "http://serdaterra.com.br" "Mozilla/5.0 (Windows NT 10.0; Win64; x64) AppleWebKit/537.36 (KHTML, like Gecko) Chrome/91.0.4472.77 Safari/537.36"
18.232.57.66 - - [10/Mar/2026:04:59:07 +0000] "GET / HTTP/1.1" 302 5 "-" "nook browser/1.0"
37.187.103.89 - - [10/Mar/2026:05:03:11 +0000] "POST /wp-cron.php?doing_wp_cron=1773118990.8192210197448730468750 HTTP/1.1" 200 31 "-" "WordPress/6.9.1; https://serdaterra.com.br"
170.64.214.144 - - [10/Mar/2026:05:03:11 +0000] "POST /wp-login.php HTTP/1.1" 200 9237 "-" "Mozilla/5.0"
37.187.103.89 - - [10/Mar/2026:05:14:16 +0000] "POST /wp-cron.php?doing_wp_cron=1773119655.7143740653991699218750 HTTP/1.1" 200 31 "-" "WordPress/6.9.1; https://serdaterra.com.br"
34.87.34.17 - - [10/Mar/2026:05:14:16 +0000] "GET / HTTP/1.1" 302 5 "-" "Mozilla/5.0 (Linux; Android 12) Chrome/111.0 Mobile Safari/537.36"
34.87.34.17 - - [10/Mar/2026:05:14:17 +0000] "GET /wordpress/ HTTP/1.1" 302 5 "-" "Mozilla/5.0 (X11; Linux x86_64) Firefox/117.0"
37.187.103.89 - - [10/Mar/2026:05:18:39 +0000] "POST /wp-cron.php?doing_wp_cron=1773119919.6154971122741699218750 HTTP/1.1" 200 31 "-" "WordPress/6.9.1; https://serdaterra.com.br"
170.64.214.144 - - [10/Mar/2026:05:18:39 +0000] "POST /wp-login.php HTTP/1.1" 200 9237 "-" "Mozilla/5.0"
37.187.103.89 - - [10/Mar/2026:05:31:46 +0000] "POST /wp-cron.php?doing_wp_cron=1773120706.1751699447631835937500 HTTP/1.1" 200 31 "-" "WordPress/6.9.1; https://serdaterra.com.br"
51.83.98.10 - - [10/Mar/2026:05:31:46 +0000] "GET / HTTP/1.1" 302 5 "-" "{USER_AGENT}"
37.187.103.89 - - [10/Mar/2026:05:34:07 +0000] "POST /wp-cron.php?doing_wp_cron=1773120847.4213271141052246093750 HTTP/1.1" 200 31 "-" "WordPress/6.9.1; https://serdaterra.com.br"
170.64.214.144 - - [10/Mar/2026:05:34:07 +0000] "POST /wp-login.php HTTP/1.1" 200 9237 "-" "Mozilla/5.0"
37.187.103.89 - - [10/Mar/2026:05:39:05 +0000] "POST /wp-cron.php?doing_wp_cron=1773121144.7091739177703857421875 HTTP/1.1" 200 31 "-" "WordPress/6.9.1; https://serdaterra.com.br"
178.22.106.230 - - [10/Mar/2026:05:39:05 +0000] "GET / HTTP/1.1" 302 5 "-" "Mozilla/5.0 (Linux; Android 6.0; Nexus 5 Build/MRA58N) AppleWebKit/537.36 (KHTML, like Gecko) Chrome/130.0.0.0 Mobile Safari/537.36"
37.187.103.89 - - [10/Mar/2026:05:49:32 +0000] "POST /wp-cron.php?doing_wp_cron=1773121771.6320779323577880859375 HTTP/1.1" 200 31 "-" "WordPress/6.9.1; https://serdaterra.com.br"
170.64.214.144 - - [10/Mar/2026:05:49:32 +0000] "POST /wp-login.php HTTP/1.1" 200 9237 "-" "Mozilla/5.0"
37.187.103.89 - - [10/Mar/2026:05:50:50 +0000] "POST /wp-cron.php?doing_wp_cron=1773121850.7670679092407226562500 HTTP/1.1" 200 31 "-" "WordPress/6.9.1; https://serdaterra.com.br"
157.230.236.77 - - [10/Mar/2026:05:50:50 +0000] "GET /wp-login.php HTTP/1.1" 200 3125 "-" "Mozilla/5.0"
157.230.236.77 - - [10/Mar/2026:05:50:51 +0000] "GET /?author=1 HTTP/1.1" 302 5 "-" "Mozilla/5.0"
157.230.236.77 - - [10/Mar/2026:05:50:51 +0000] "GET /?feed=rss2 HTTP/1.1" 302 5 "-" "Mozilla/5.0"
37.187.103.89 - - [10/Mar/2026:06:05:19 +0000] "POST /wp-cron.php?doing_wp_cron=1773122719.6054260730743408203125 HTTP/1.1" 200 31 "-" "WordPress/6.9.1; https://serdaterra.com.br"
170.64.214.144 - - [10/Mar/2026:06:05:19 +0000] "POST /wp-login.php HTTP/1.1" 200 9237 "-" "Mozilla/5.0"
3.139.69.160 - - [10/Mar/2026:06:05:50 +0000] "GET / HTTP/1.1" 302 5 "-" "Mozilla/5.0 (Windows NT 10.0; Win64; x64; rv:89.0) Gecko/20100101 Firefox/89.0"
37.187.103.89 - - [10/Mar/2026:06:08:45 +0000] "POST /wp-cron.php?doing_wp_cron=1773122924.8789260387420654296875 HTTP/1.1" 200 31 "-" "WordPress/6.9.1; https://serdaterra.com.br"
149.57.180.14 - - [10/Mar/2026:06:08:45 +0000] "GET / HTTP/1.1" 302 5 "-" "Mozilla/5.0 (X11; Linux i686; rv:109.0) Gecko/20100101 Firefox/120.0"
20.203.144.43 - - [10/Mar/2026:06:19:51 +0000] "GET /wp-content/plugins/hellopress/wp_filemanager.php HTTP/1.1" 404 162 "-" "-"
20.203.144.43 - - [10/Mar/2026:06:19:52 +0000] "GET /gptsh.php HTTP/1.1" 404 162 "-" "-"
20.203.144.43 - - [10/Mar/2026:06:19:52 +0000] "GET /awh.php HTTP/1.1" 404 162 "-" "-"
20.203.144.43 - - [10/Mar/2026:06:19:52 +0000] "GET /wp11.php HTTP/1.1" 404 162 "-" "-"
20.203.144.43 - - [10/Mar/2026:06:19:52 +0000] "GET /oirsbfkm.php HTTP/1.1" 404 162 "-" "-"
20.203.144.43 - - [10/Mar/2026:06:19:52 +0000] "GET /16.php HTTP/1.1" 404 162 "-" "-"
20.203.144.43 - - [10/Mar/2026:06:19:52 +0000] "GET /bb.php HTTP/1.1" 404 162 "-" "-"
20.203.144.43 - - [10/Mar/2026:06:19:52 +0000] "GET /ss.php HTTP/1.1" 404 162 "-" "-"
20.203.144.43 - - [10/Mar/2026:06:19:52 +0000] "GET /albin.php HTTP/1.1" 404 162 "-" "-"
20.203.144.43 - - [10/Mar/2026:06:19:52 +0000] "GET /leon.php HTTP/1.1" 404 162 "-" "-"
20.203.144.43 - - [10/Mar/2026:06:19:52 +0000] "GET /filefuns.php HTTP/1.1" 404 162 "-" "-"
20.203.144.43 - - [10/Mar/2026:06:19:52 +0000] "GET /nw_ok.php HTTP/1.1" 404 162 "-" "-"
20.203.144.43 - - [10/Mar/2026:06:19:53 +0000] "GET /aifa.php HTTP/1.1" 404 162 "-" "-"
20.203.144.43 - - [10/Mar/2026:06:19:53 +0000] "GET /cash.php HTTP/1.1" 404 162 "-" "-"
20.203.144.43 - - [10/Mar/2026:06:19:53 +0000] "GET /wp-p2r3q9c8k4.php HTTP/1.1" 404 162 "-" "-"
20.203.144.43 - - [10/Mar/2026:06:19:53 +0000] "GET /742.php HTTP/1.1" 404 162 "-" "-"
20.203.144.43 - - [10/Mar/2026:06:19:53 +0000] "GET /wziar1.php HTTP/1.1" 404 162 "-" "-"
20.203.144.43 - - [10/Mar/2026:06:19:53 +0000] "GET /ty.php HTTP/1.1" 404 162 "-" "-"
20.203.144.43 - - [10/Mar/2026:06:19:54 +0000] "GET /invisi.php HTTP/1.1" 404 162 "-" "-"
20.203.144.43 - - [10/Mar/2026:06:19:54 +0000] "GET /yos.php HTTP/1.1" 404 162 "-" "-"
20.203.144.43 - - [10/Mar/2026:06:19:54 +0000] "GET /utky.php HTTP/1.1" 404 162 "-" "-"
20.203.144.43 - - [10/Mar/2026:06:19:54 +0000] "GET /settings.php HTTP/1.1" 404 162 "-" "-"
20.203.144.43 - - [10/Mar/2026:06:19:54 +0000] "GET /fsgdjkl.php HTTP/1.1" 404 162 "-" "-"
20.203.144.43 - - [10/Mar/2026:06:19:54 +0000] "GET /uuu.php HTTP/1.1" 404 162 "-" "-"
20.203.144.43 - - [10/Mar/2026:06:19:54 +0000] "GET /x12.php HTTP/1.1" 404 162 "-" "-"
20.203.144.43 - - [10/Mar/2026:06:19:54 +0000] "GET /by.php HTTP/1.1" 404 162 "-" "-"
20.203.144.43 - - [10/Mar/2026:06:19:55 +0000] "GET /sf.php HTTP/1.1" 404 162 "-" "-"
20.203.144.43 - - [10/Mar/2026:06:19:55 +0000] "GET /asw.php HTTP/1.1" 404 162 "-" "-"
20.203.144.43 - - [10/Mar/2026:06:19:55 +0000] "GET /eee.php HTTP/1.1" 404 162 "-" "-"
20.203.144.43 - - [10/Mar/2026:06:19:55 +0000] "GET /lp6.php HTTP/1.1" 404 162 "-" "-"
20.203.144.43 - - [10/Mar/2026:06:19:55 +0000] "GET /akses.php HTTP/1.1" 404 162 "-" "-"
20.203.144.43 - - [10/Mar/2026:06:19:55 +0000] "GET /no1.php HTTP/1.1" 404 162 "-" "-"
20.203.144.43 - - [10/Mar/2026:06:19:55 +0000] "GET /teee.php HTTP/1.1" 404 162 "-" "-"
20.203.144.43 - - [10/Mar/2026:06:19:55 +0000] "GET /elabel.php HTTP/1.1" 404 162 "-" "-"
20.203.144.43 - - [10/Mar/2026:06:19:55 +0000] "GET /bafFz.php HTTP/1.1" 404 162 "-" "-"
20.203.144.43 - - [10/Mar/2026:06:19:56 +0000] "GET /rere.php HTTP/1.1" 404 162 "-" "-"
20.203.144.43 - - [10/Mar/2026:06:19:56 +0000] "GET /jocundly.php HTTP/1.1" 404 162 "-" "-"
20.203.144.43 - - [10/Mar/2026:06:19:56 +0000] "GET /wo.php HTTP/1.1" 404 162 "-" "-"
20.203.144.43 - - [10/Mar/2026:06:19:56 +0000] "GET /h2h.php HTTP/1.1" 404 162 "-" "-"
20.203.144.43 - - [10/Mar/2026:06:19:56 +0000] "GET /rithin.php HTTP/1.1" 404 162 "-" "-"
20.203.144.43 - - [10/Mar/2026:06:19:56 +0000] "GET /kk.php HTTP/1.1" 404 162 "-" "-"
20.203.144.43 - - [10/Mar/2026:06:19:56 +0000] "GET /path.php HTTP/1.1" 404 162 "-" "-"
20.203.144.43 - - [10/Mar/2026:06:19:56 +0000] "GET /cs.php HTTP/1.1" 404 162 "-" "-"
20.203.144.43 - - [10/Mar/2026:06:19:56 +0000] "GET /w2025.php HTTP/1.1" 404 162 "-" "-"
20.203.144.43 - - [10/Mar/2026:06:19:56 +0000] "GET /foxr.php HTTP/1.1" 404 162 "-" "-"
20.203.144.43 - - [10/Mar/2026:06:19:56 +0000] "GET /swallowable.php HTTP/1.1" 404 162 "-" "-"
20.203.144.43 - - [10/Mar/2026:06:19:56 +0000] "GET /claw.php HTTP/1.1" 404 162 "-" "-"
20.203.144.43 - - [10/Mar/2026:06:19:56 +0000] "GET /fvvff.php HTTP/1.1" 404 162 "-" "-"
20.203.144.43 - - [10/Mar/2026:06:19:57 +0000] "GET /a2.php HTTP/1.1" 404 162 "-" "-"
20.203.144.43 - - [10/Mar/2026:06:19:57 +0000] "GET /sty.php HTTP/1.1" 404 162 "-" "-"
20.203.144.43 - - [10/Mar/2026:06:19:57 +0000] "GET /xxxx.php HTTP/1.1" 404 162 "-" "-"
20.203.144.43 - - [10/Mar/2026:06:19:57 +0000] "GET //h.php HTTP/1.1" 404 162 "-" "-"
20.203.144.43 - - [10/Mar/2026:06:19:57 +0000] "GET /g.php HTTP/1.1" 404 162 "-" "-"
20.203.144.43 - - [10/Mar/2026:06:19:57 +0000] "GET /pp.php HTTP/1.1" 404 162 "-" "-"
20.203.144.43 - - [10/Mar/2026:06:19:57 +0000] "GET //sys.php HTTP/1.1" 404 162 "-" "-"
20.203.144.43 - - [10/Mar/2026:06:19:57 +0000] "GET /txets.php HTTP/1.1" 404 162 "-" "-"
20.203.144.43 - - [10/Mar/2026:06:19:57 +0000] "GET /wp9.php HTTP/1.1" 404 162 "-" "-"
20.203.144.43 - - [10/Mar/2026:06:19:57 +0000] "GET /path.php HTTP/1.1" 404 162 "-" "-"
20.203.144.43 - - [10/Mar/2026:06:19:57 +0000] "GET /wdf.php HTTP/1.1" 404 162 "-" "-"
20.203.144.43 - - [10/Mar/2026:06:19:57 +0000] "GET //2.php HTTP/1.1" 404 162 "-" "-"
20.203.144.43 - - [10/Mar/2026:06:19:57 +0000] "GET /mga.php HTTP/1.1" 404 162 "-" "-"
20.203.144.43 - - [10/Mar/2026:06:19:57 +0000] "GET /maxro.php HTTP/1.1" 404 162 "-" "-"
20.203.144.43 - - [10/Mar/2026:06:19:57 +0000] "GET /pass2.php HTTP/1.1" 404 162 "-" "-"
20.203.144.43 - - [10/Mar/2026:06:19:57 +0000] "GET /wsvvs.php HTTP/1.1" 404 162 "-" "-"
20.203.144.43 - - [10/Mar/2026:06:19:57 +0000] "GET //3.php HTTP/1.1" 404 162 "-" "-"
20.203.144.43 - - [10/Mar/2026:06:19:58 +0000] "GET //edit.php HTTP/1.1" 404 162 "-" "-"
20.203.144.43 - - [10/Mar/2026:06:19:58 +0000] "GET /ioxi-o.php HTTP/1.1" 404 162 "-" "-"
20.203.144.43 - - [10/Mar/2026:06:19:58 +0000] "GET /wp-content/admin.php HTTP/1.1" 404 162 "-" "-"
20.203.144.43 - - [10/Mar/2026:06:19:58 +0000] "GET /66.php HTTP/1.1" 404 162 "-" "-"
20.203.144.43 - - [10/Mar/2026:06:19:58 +0000] "GET //wp-includes/js/tinymce/themes/inlite/ HTTP/1.1" 403 162 "-" "-"
20.203.144.43 - - [10/Mar/2026:06:19:58 +0000] "GET /gifclass.php HTTP/1.1" 404 162 "-" "-"
20.203.144.43 - - [10/Mar/2026:06:19:59 +0000] "GET /wp-includes/assets/index.php HTTP/1.1" 404 162 "-" "-"
20.203.144.43 - - [10/Mar/2026:06:19:59 +0000] "GET //wp-admin/images/wp-conflg.php?p= HTTP/1.1" 404 162 "-" "-"
20.203.144.43 - - [10/Mar/2026:06:19:59 +0000] "GET /wp-content/plugins/index.php?p= HTTP/1.1" 200 5 "-" "-"
20.203.144.43 - - [10/Mar/2026:06:19:59 +0000] "GET //assets/css/index.php HTTP/1.1" 404 162 "-" "-"
20.203.144.43 - - [10/Mar/2026:06:19:59 +0000] "GET /sc.php HTTP/1.1" 404 162 "-" "-"
37.187.103.89 - - [10/Mar/2026:06:20:00 +0000] "POST /wp-cron.php?doing_wp_cron=1773123600.1511209011077880859375 HTTP/1.1" 200 31 "-" "WordPress/6.9.1; https://serdaterra.com.br"
20.203.144.43 - - [10/Mar/2026:06:20:00 +0000] "GET /xmlrpc.php HTTP/1.1" 405 53 "-" "-"
20.203.144.43 - - [10/Mar/2026:06:20:00 +0000] "GET /ol.php HTTP/1.1" 404 162 "-" "-"
20.203.144.43 - - [10/Mar/2026:06:20:00 +0000] "GET //f6.php HTTP/1.1" 404 162 "-" "-"
20.203.144.43 - - [10/Mar/2026:06:20:00 +0000] "GET //inputs.php HTTP/1.1" 404 162 "-" "-"
20.203.144.43 - - [10/Mar/2026:06:20:01 +0000] "GET /style.php HTTP/1.1" 404 162 "-" "-"
20.203.144.43 - - [10/Mar/2026:06:20:01 +0000] "GET /bgymj.php HTTP/1.1" 404 162 "-" "-"
20.203.144.43 - - [10/Mar/2026:06:20:01 +0000] "GET //aa.php HTTP/1.1" 404 162 "-" "-"
20.203.144.43 - - [10/Mar/2026:06:20:01 +0000] "GET //1.php HTTP/1.1" 404 162 "-" "-"
20.203.144.43 - - [10/Mar/2026:06:20:01 +0000] "GET //sc.php HTTP/1.1" 404 162 "-" "-"
20.203.144.43 - - [10/Mar/2026:06:20:01 +0000] "GET //av.php HTTP/1.1" 404 162 "-" "-"
20.203.144.43 - - [10/Mar/2026:06:20:01 +0000] "GET /file.php? HTTP/1.1" 404 162 "-" "-"
20.203.144.43 - - [10/Mar/2026:06:20:01 +0000] "GET /file59.php HTTP/1.1" 404 162 "-" "-"
20.203.144.43 - - [10/Mar/2026:06:20:01 +0000] "GET /bless.php HTTP/1.1" 404 162 "-" "-"
20.203.144.43 - - [10/Mar/2026:06:20:01 +0000] "GET /wp9.php HTTP/1.1" 404 162 "-" "-"
20.203.144.43 - - [10/Mar/2026:06:20:01 +0000] "GET /wp-act.php HTTP/1.1" 404 162 "-" "-"
20.203.144.43 - - [10/Mar/2026:06:20:01 +0000] "GET /class-t.api.php HTTP/1.1" 404 162 "-" "-"
20.203.144.43 - - [10/Mar/2026:06:20:01 +0000] "GET /xqq.php HTTP/1.1" 404 162 "-" "-"
20.203.144.43 - - [10/Mar/2026:06:20:01 +0000] "GET /wp-admin/css/bolt.php HTTP/1.1" 404 162 "-" "-"
20.203.144.43 - - [10/Mar/2026:06:20:02 +0000] "GET /a.php?p= HTTP/1.1" 404 162 "-" "-"
20.203.144.43 - - [10/Mar/2026:06:20:02 +0000] "GET /06.php HTTP/1.1" 404 162 "-" "-"
20.203.144.43 - - [10/Mar/2026:06:20:02 +0000] "GET /plss3.php HTTP/1.1" 404 162 "-" "-"
20.203.144.43 - - [10/Mar/2026:06:20:02 +0000] "GET /aaa.php?p= HTTP/1.1" 404 162 "-" "-"
20.203.144.43 - - [10/Mar/2026:06:20:02 +0000] "GET /classwithtostring.php?p= HTTP/1.1" 404 162 "-" "-"
20.203.144.43 - - [10/Mar/2026:06:20:02 +0000] "GET /wp-content/themes/index.php HTTP/1.1" 200 5 "-" "-"
20.203.144.43 - - [10/Mar/2026:06:20:02 +0000] "GET /tinyfilemanager.php?p= HTTP/1.1" 404 162 "-" "-"
20.203.144.43 - - [10/Mar/2026:06:20:02 +0000] "GET //x.php HTTP/1.1" 404 162 "-" "-"
20.203.144.43 - - [10/Mar/2026:06:20:02 +0000] "GET /ms.php HTTP/1.1" 404 162 "-" "-"
20.203.144.43 - - [10/Mar/2026:06:20:03 +0000] "GET //wp-content/plugins/erinyani/ HTTP/1.1" 302 5 "-" "-"
20.203.144.43 - - [10/Mar/2026:06:20:06 +0000] "GET /wp-update.php HTTP/1.1" 404 162 "-" "-"
20.203.144.43 - - [10/Mar/2026:06:20:06 +0000] "GET /sbhu.php HTTP/1.1" 404 162 "-" "-"
20.203.144.43 - - [10/Mar/2026:06:20:06 +0000] "GET /x/ HTTP/1.1" 302 5 "-" "-"
20.203.144.43 - - [10/Mar/2026:06:20:07 +0000] "GET /wp-blog.php HTTP/1.1" 404 162 "-" "-"
20.203.144.43 - - [10/Mar/2026:06:20:07 +0000] "GET /test1.php HTTP/1.1" 404 162 "-" "-"
20.203.144.43 - - [10/Mar/2026:06:20:07 +0000] "GET //wp-includes/js/jquery/ HTTP/1.1" 403 162 "-" "-"
20.203.144.43 - - [10/Mar/2026:06:20:07 +0000] "GET /166.php HTTP/1.1" 404 162 "-" "-"
20.203.144.43 - - [10/Mar/2026:06:20:07 +0000] "GET //wp-content/admin.php HTTP/1.1" 404 162 "-" "-"
20.203.144.43 - - [10/Mar/2026:06:20:07 +0000] "GET /ms-edit.php HTTP/1.1" 404 162 "-" "-"
20.203.144.43 - - [10/Mar/2026:06:20:07 +0000] "GET //adminfuns.php HTTP/1.1" 404 162 "-" "-"
20.203.144.43 - - [10/Mar/2026:06:20:07 +0000] "GET /goods.php HTTP/1.1" 404 162 "-" "-"
20.203.144.43 - - [10/Mar/2026:06:20:07 +0000] "GET /ms-edit.php HTTP/1.1" 404 162 "-" "-"
20.203.144.43 - - [10/Mar/2026:06:20:07 +0000] "GET /222.php HTTP/1.1" 404 162 "-" "-"
20.203.144.43 - - [10/Mar/2026:06:20:07 +0000] "GET /plugins.php?p= HTTP/1.1" 404 162 "-" "-"
20.203.144.43 - - [10/Mar/2026:06:20:07 +0000] "GET //cgi-bin/index.php HTTP/1.1" 404 162 "-" "-"
20.203.144.43 - - [10/Mar/2026:06:20:07 +0000] "GET //wp-includes/js/dist/ HTTP/1.1" 403 162 "-" "-"
20.203.144.43 - - [10/Mar/2026:06:20:07 +0000] "GET /ff1.php HTTP/1.1" 404 162 "-" "-"
20.203.144.43 - - [10/Mar/2026:06:20:07 +0000] "GET /fff.php HTTP/1.1" 404 162 "-" "-"
20.203.144.43 - - [10/Mar/2026:06:20:07 +0000] "GET /wp-content/ HTTP/1.1" 200 5 "-" "-"
20.203.144.43 - - [10/Mar/2026:06:20:07 +0000] "GET /goat.php HTTP/1.1" 404 162 "-" "-"
20.203.144.43 - - [10/Mar/2026:06:20:07 +0000] "GET /155.php HTTP/1.1" 404 162 "-" "-"
20.203.144.43 - - [10/Mar/2026:06:20:07 +0000] "GET /we.php HTTP/1.1" 404 162 "-" "-"
20.203.144.43 - - [10/Mar/2026:06:20:08 +0000] "GET /alpha.php HTTP/1.1" 404 162 "-" "-"
20.203.144.43 - - [10/Mar/2026:06:20:08 +0000] "GET /makeasmtp.php?p= HTTP/1.1" 404 162 "-" "-"
20.203.144.43 - - [10/Mar/2026:06:20:08 +0000] "GET /wp-michan.php HTTP/1.1" 404 162 "-" "-"
20.203.144.43 - - [10/Mar/2026:06:20:08 +0000] "GET //wp-content/cong.php HTTP/1.1" 404 162 "-" "-"
20.203.144.43 - - [10/Mar/2026:06:20:08 +0000] "GET /wp-the.php HTTP/1.1" 404 162 "-" "-"
20.203.144.43 - - [10/Mar/2026:06:20:08 +0000] "GET //wp-includes/css/dist/ HTTP/1.1" 403 162 "-" "-"
20.203.144.43 - - [10/Mar/2026:06:20:08 +0000] "GET /BDKR28WP.php HTTP/1.1" 404 162 "-" "-"
20.203.144.43 - - [10/Mar/2026:06:20:08 +0000] "GET //wp-includes/l10n/ HTTP/1.1" 403 162 "-" "-"
20.203.144.43 - - [10/Mar/2026:06:20:09 +0000] "GET /wp.php HTTP/1.1" 404 162 "-" "-"
20.203.144.43 - - [10/Mar/2026:06:20:09 +0000] "GET //assets/css/index.php?p= HTTP/1.1" 404 162 "-" "-"
20.203.144.43 - - [10/Mar/2026:06:20:09 +0000] "GET /w4.php HTTP/1.1" 404 162 "-" "-"
20.203.144.43 - - [10/Mar/2026:06:20:09 +0000] "GET //wp-admin/js/widgets/index.php HTTP/1.1" 404 162 "-" "-"
20.203.144.43 - - [10/Mar/2026:06:20:09 +0000] "GET /ok.php HTTP/1.1" 404 162 "-" "-"
20.203.144.43 - - [10/Mar/2026:06:20:09 +0000] "GET //about.php HTTP/1.1" 404 162 "-" "-"
20.203.144.43 - - [10/Mar/2026:06:20:09 +0000] "GET /wp-admin/js/fi.php HTTP/1.1" 404 162 "-" "-"
20.203.144.43 - - [10/Mar/2026:06:20:09 +0000] "GET /fe5.php HTTP/1.1" 404 162 "-" "-"
20.203.144.43 - - [10/Mar/2026:06:20:09 +0000] "GET /kj.php HTTP/1.1" 404 162 "-" "-"
20.203.144.43 - - [10/Mar/2026:06:20:09 +0000] "GET //wp-content/uploads/2021/02/index.php HTTP/1.1" 404 162 "-" "-"
20.203.144.43 - - [10/Mar/2026:06:20:09 +0000] "GET /av.php HTTP/1.1" 404 162 "-" "-"
20.203.144.43 - - [10/Mar/2026:06:20:09 +0000] "GET /abcd.php HTTP/1.1" 404 162 "-" "-"
20.203.144.43 - - [10/Mar/2026:06:20:10 +0000] "GET /init.php HTTP/1.1" 404 162 "-" "-"
20.203.144.43 - - [10/Mar/2026:06:20:10 +0000] "GET /fi.php HTTP/1.1" 404 162 "-" "-"
20.203.144.43 - - [10/Mar/2026:06:20:10 +0000] "GET //a1.php HTTP/1.1" 404 162 "-" "-"
20.203.144.43 - - [10/Mar/2026:06:20:10 +0000] "GET /update/f35.php HTTP/1.1" 404 162 "-" "-"
20.203.144.43 - - [10/Mar/2026:06:20:10 +0000] "GET /wp-includes/Text/Diff/Engine/about.php HTTP/1.1" 404 162 "-" "-"
20.203.144.43 - - [10/Mar/2026:06:20:10 +0000] "GET /f35.php HTTP/1.1" 404 162 "-" "-"
20.203.144.43 - - [10/Mar/2026:06:20:10 +0000] "GET /hi.php HTTP/1.1" 404 162 "-" "-"
20.203.144.43 - - [10/Mar/2026:06:20:11 +0000] "GET /lb.php HTTP/1.1" 404 162 "-" "-"
20.203.144.43 - - [10/Mar/2026:06:20:11 +0000] "GET //wp-includes/css/index.php?p= HTTP/1.1" 404 162 "-" "-"
20.203.144.43 - - [10/Mar/2026:06:20:11 +0000] "GET /wp-includes/SimplePie/ HTTP/1.1" 403 162 "-" "-"
20.203.144.43 - - [10/Mar/2026:06:20:11 +0000] "GET /prv8.php HTTP/1.1" 404 162 "-" "-"
20.203.144.43 - - [10/Mar/2026:06:20:11 +0000] "GET /k.php HTTP/1.1" 404 162 "-" "-"
20.203.144.43 - - [10/Mar/2026:06:20:12 +0000] "GET /dev.php HTTP/1.1" 404 162 "-" "-"
20.203.144.43 - - [10/Mar/2026:06:20:12 +0000] "GET /bal.php HTTP/1.1" 404 162 "-" "-"
20.203.144.43 - - [10/Mar/2026:06:20:12 +0000] "GET /in.php HTTP/1.1" 404 162 "-" "-"
20.203.144.43 - - [10/Mar/2026:06:20:12 +0000] "GET /gssdd.php HTTP/1.1" 404 162 "-" "-"
20.203.144.43 - - [10/Mar/2026:06:20:12 +0000] "GET /motu.php HTTP/1.1" 404 162 "-" "-"
20.203.144.43 - - [10/Mar/2026:06:20:12 +0000] "GET /bs1.php HTTP/1.1" 404 162 "-" "-"
20.203.144.43 - - [10/Mar/2026:06:20:12 +0000] "GET /bengi.php HTTP/1.1" 404 162 "-" "-"
20.203.144.43 - - [10/Mar/2026:06:20:12 +0000] "GET /miansha.php HTTP/1.1" 404 162 "-" "-"
20.203.144.43 - - [10/Mar/2026:06:20:12 +0000] "GET //erty.php HTTP/1.1" 404 162 "-" "-"
20.203.144.43 - - [10/Mar/2026:06:20:12 +0000] "GET /wp-content/plugins/pwnd/as.php HTTP/1.1" 404 162 "-" "-"
20.203.144.43 - - [10/Mar/2026:06:20:12 +0000] "GET /X57.php HTTP/1.1" 404 162 "-" "-"
20.203.144.43 - - [10/Mar/2026:06:20:12 +0000] "GET /axx.php HTTP/1.1" 404 162 "-" "-"
20.203.144.43 - - [10/Mar/2026:06:20:13 +0000] "GET /alfashell.php HTTP/1.1" 404 162 "-" "-"
20.203.144.43 - - [10/Mar/2026:06:20:13 +0000] "GET /re.php HTTP/1.1" 404 162 "-" "-"
20.203.144.43 - - [10/Mar/2026:06:20:13 +0000] "GET /styll.php HTTP/1.1" 404 162 "-" "-"
20.203.144.43 - - [10/Mar/2026:06:20:13 +0000] "GET /flower.php HTTP/1.1" 404 162 "-" "-"
20.203.144.43 - - [10/Mar/2026:06:20:13 +0000] "GET /4h.php HTTP/1.1" 404 162 "-" "-"
20.203.144.43 - - [10/Mar/2026:06:20:13 +0000] "GET /gettest.php HTTP/1.1" 404 162 "-" "-"
20.203.144.43 - - [10/Mar/2026:06:20:13 +0000] "GET /acp.php HTTP/1.1" 404 162 "-" "-"
20.203.144.43 - - [10/Mar/2026:06:20:13 +0000] "GET /database.php HTTP/1.1" 404 162 "-" "-"
37.187.103.89 - - [10/Mar/2026:06:21:24 +0000] "POST /wp-cron.php?doing_wp_cron=1773123684.2751610279083251953125 HTTP/1.1" 200 31 "-" "WordPress/6.9.1; https://serdaterra.com.br"
170.64.214.144 - - [10/Mar/2026:06:21:24 +0000] "POST /wp-login.php HTTP/1.1" 200 9237 "-" "Mozilla/5.0"
