146.19.24.209 - - [12/Mar/2026:11:56:54 +0000] "GET /wp-login.php?redirect_to=https%3A%2F%2Fserdaterra.com.br%2Fwp-admin%2Findex.php&reauth=1 HTTP/1.1" 200 2258 "https://serdaterra.com.br/wp-login.php" "Mozilla/5.0 (Macintosh; Intel Mac OS X 10.15) Gecko/20100101 Firefox/122.0"
146.19.24.209 - - [12/Mar/2026:11:56:56 +0000] "POST /wp-login.php HTTP/1.1" 200 2415 "https://serdaterra.com.br/wp-login.php" "Mozilla/5.0 (Windows NT 10.0; Win64; x64) Gecko/20100101 Firefox/122.0"
146.19.24.209 - - [12/Mar/2026:11:56:56 +0000] "GET /wp-admin/index.php HTTP/1.1" 302 5 "https://serdaterra.com.br/wp-login.php" "Mozilla/5.0 (Windows NT 10.0; Win64; x64) Gecko/20100101 Firefox/122.0"
146.19.24.209 - - [12/Mar/2026:11:56:56 +0000] "GET /wp-login.php?redirect_to=https%3A%2F%2Fserdaterra.com.br%2Fwp-admin%2Findex.php&reauth=1 HTTP/1.1" 200 2258 "https://serdaterra.com.br/wp-login.php" "Mozilla/5.0 (Windows NT 10.0; Win64; x64) Gecko/20100101 Firefox/122.0"
146.19.24.209 - - [12/Mar/2026:11:56:57 +0000] "POST /wp-login.php HTTP/1.1" 200 2415 "https://serdaterra.com.br/wp-login.php" "Mozilla/5.0 (X11; Linux x86_64) AppleWebKit/537.36 (KHTML, like Gecko) Chrome/118.0.5993.88 Safari/537.36"
146.19.24.209 - - [12/Mar/2026:11:56:57 +0000] "GET /wp-admin/index.php HTTP/1.1" 302 5 "https://serdaterra.com.br/wp-login.php" "Mozilla/5.0 (X11; Linux x86_64) AppleWebKit/537.36 (KHTML, like Gecko) Chrome/118.0.5993.88 Safari/537.36"
146.19.24.209 - - [12/Mar/2026:11:56:57 +0000] "GET /wp-login.php?redirect_to=https%3A%2F%2Fserdaterra.com.br%2Fwp-admin%2Findex.php&reauth=1 HTTP/1.1" 200 2258 "https://serdaterra.com.br/wp-login.php" "Mozilla/5.0 (X11; Linux x86_64) AppleWebKit/537.36 (KHTML, like Gecko) Chrome/118.0.5993.88 Safari/537.36"
37.187.103.89 - - [12/Mar/2026:12:44:04 +0000] "POST /wp-cron.php?doing_wp_cron=1773319444.6591300964355468750000 HTTP/1.1" 200 31 "-" "WordPress/6.9.4; https://serdaterra.com.br"
45.154.98.78 - - [12/Mar/2026:12:44:04 +0000] "GET / HTTP/1.1" 302 5 "-" "Mozilla/5.0 (Windows NT 10.0; Win64; x64) AppleWebKit/537.36 (KHTML, like Gecko) Chrome/78.0.3904.108 Safari/537.36"
45.154.98.78 - - [12/Mar/2026:12:44:04 +0000] "" 400 0 "-" "-"
37.187.103.89 - - [12/Mar/2026:13:19:00 +0000] "POST /wp-cron.php?doing_wp_cron=1773321540.0885190963745117187500 HTTP/1.1" 200 31 "-" "WordPress/6.9.4; https://serdaterra.com.br"
114.119.148.252 - - [12/Mar/2026:13:19:00 +0000] "GET /robots.txt HTTP/1.1" 302 5 "-" "Mozilla/5.0 (compatible;PetalBot;+https://webmaster.petalsearch.com/site/petalbot)"
145.239.10.137 - - [12/Mar/2026:13:58:10 +0000] "GET /info.php HTTP/1.1" 404 134 "https://serdaterra.com.br/info.php" "Mozilla/5.0 (iPhone; CPU iPhone OS 17_5_1 like Mac OS X) AppleWebKit/605.1.15 (KHTML, like Gecko) Version/17.5 Mobile/15E148 Safari/604.1"
37.187.103.89 - - [12/Mar/2026:14:12:51 +0000] "POST /wp-cron.php?doing_wp_cron=1773324770.9606559276580810546875 HTTP/1.1" 200 31 "-" "WordPress/6.9.4; https://serdaterra.com.br"
54.39.104.60 - - [12/Mar/2026:14:12:51 +0000] "GET / HTTP/1.1" 302 5 "-" "Mozilla/5.0 (Windows NT 10.0; rv:73.0) Gecko/20100101 Firefox/73.0"
37.187.103.89 - - [12/Mar/2026:14:19:09 +0000] "POST /wp-cron.php?doing_wp_cron=1773325149.6317059993743896484375 HTTP/1.1" 200 31 "-" "WordPress/6.9.4; https://serdaterra.com.br"
100.53.103.197 - - [12/Mar/2026:14:19:09 +0000] "GET / HTTP/1.1" 302 5 "-" "Mozilla/5.0 (Linux; Android 11; SM-M317F) AppleWebKit/537.36 (KHTML, like Gecko) Chrome/101.0.4951.41 Mobile Safari/537.36"
100.53.103.197 - - [12/Mar/2026:14:19:09 +0000] "GET / HTTP/1.1" 302 5 "http://serdaterra.com.br" "Mozilla/5.0 (Macintosh; Intel Mac OS X 10_11_6) AppleWebKit/537.36 (KHTML, like Gecko) Chrome/100.0.4896.127 Safari/537.36"
100.53.103.197 - - [12/Mar/2026:14:19:11 +0000] "GET / HTTP/1.1" 302 5 "-" "Mozilla/5.0 Slackware/13.37 (X11; U; Linux x86_64; en-US) AppleWebKit/535.1 (KHTML, like Gecko) Chrome/13.0.782.41"
37.187.103.89 - - [12/Mar/2026:15:17:45 +0000] "POST /wp-cron.php?doing_wp_cron=1773328665.5295081138610839843750 HTTP/1.1" 200 31 "-" "WordPress/6.9.4; https://serdaterra.com.br"
185.180.141.48 - - [12/Mar/2026:15:17:45 +0000] "GET / HTTP/1.1" 302 5 "-" "Mozilla/5.0 AppleWebKit/537.36 (KHTML, like Gecko) Chrome/123.0.6312.86 Safari/537.36 BitSightBot/1.0"
37.187.103.89 - - [12/Mar/2026:15:46:19 +0000] "POST /wp-cron.php?doing_wp_cron=1773330379.5369620323181152343750 HTTP/1.1" 200 31 "-" "WordPress/6.9.4; https://serdaterra.com.br"
141.98.11.224 - - [12/Mar/2026:15:46:19 +0000] "GET / HTTP/1.0" 302 0 "https://serdaterra.com.br/" "Mozilla/5.0 (Windows NT 10.0; Win64; x64) AppleWebKit/537.36 (KHTML, like Gecko) Chrome/131.0.0.0 Safari/537.36"
145.239.10.137 - - [12/Mar/2026:15:49:00 +0000] "GET /dragontank.php HTTP/1.1" 404 134 "https://serdaterra.com.br/dragontank.php" "Mozilla/5.0 (iPhone; CPU iPhone OS 17_5_1 like Mac OS X) AppleWebKit/605.1.15 (KHTML, like Gecko) Version/17.5 Mobile/15E148 Safari/604.1"
37.187.103.89 - - [12/Mar/2026:15:51:11 +0000] "POST /wp-cron.php?doing_wp_cron=1773330671.2990739345550537109375 HTTP/1.1" 200 31 "-" "WordPress/6.9.4; https://serdaterra.com.br"
51.68.107.161 - - [12/Mar/2026:15:51:11 +0000] "GET /robots.txt HTTP/1.1" 302 5 "-" "Mozilla/5.0 (compatible; MJ12bot/v2.0.5; http://mj12bot.com/)"
37.187.103.89 - - [12/Mar/2026:15:56:39 +0000] "POST /wp-cron.php?doing_wp_cron=1773330999.3829898834228515625000 HTTP/1.1" 200 31 "-" "WordPress/6.9.4; https://serdaterra.com.br"
43.153.87.54 - - [12/Mar/2026:15:56:39 +0000] "GET / HTTP/1.1" 302 5 "http://serdaterra.com.br" "Mozilla/5.0 (iPhone; CPU iPhone OS 13_2_3 like Mac OS X) AppleWebKit/605.1.15 (KHTML, like Gecko) Version/13.0.3 Mobile/15E148 Safari/604.1"
37.187.103.89 - - [12/Mar/2026:16:17:05 +0000] "POST /wp-cron.php?doing_wp_cron=1773332225.3412599563598632812500 HTTP/1.1" 200 31 "-" "WordPress/6.9.4; https://serdaterra.com.br"
51.68.111.209 - - [12/Mar/2026:16:17:05 +0000] "GET /robots.txt HTTP/1.1" 302 5 "-" "Mozilla/5.0 (compatible; MJ12bot/v2.0.5; http://mj12bot.com/)"
37.187.103.89 - - [12/Mar/2026:16:31:33 +0000] "POST /wp-cron.php?doing_wp_cron=1773333093.2218658924102783203125 HTTP/1.1" 200 31 "-" "WordPress/6.9.4; https://serdaterra.com.br"
34.138.57.128 - - [12/Mar/2026:16:31:33 +0000] "HEAD /blog/ HTTP/1.1" 302 0 "http://serdaterra.com.br/blog/" "Mozilla/5.0 (Linux; Android 13; Infinix X688B) AppleWebKit/537.36 (KHTML, like Gecko) Chrome/124.0.6367.48 Mobile Safari/537.36"
34.138.57.128 - - [12/Mar/2026:16:31:34 +0000] "HEAD /backup/ HTTP/1.1" 302 0 "http://serdaterra.com.br/backup/" "Mozilla/5.0 (Linux; Android 12; TECNO CK6n) AppleWebKit/537.36 (KHTML, like Gecko) Chrome/125.0.6422.50 Mobile Safari/537.36"
34.138.57.128 - - [12/Mar/2026:16:31:34 +0000] "HEAD /wp/ HTTP/1.1" 302 0 "http://serdaterra.com.br/wp/" "Mozilla/5.0 (iPhone; CPU iPhone OS 16_7 like Mac OS X) AppleWebKit/605.1.15 (KHTML, like Gecko) Version/16.7 Mobile/15E148 Safari/604.1"
34.138.57.128 - - [12/Mar/2026:16:31:35 +0000] "HEAD /wordpress/ HTTP/1.1" 302 0 "http://serdaterra.com.br/wordpress/" "Mozilla/5.0 (Linux; Android 11; RMX2195) AppleWebKit/537.36 (KHTML, like Gecko) Chrome/120.0.6099.210 Mobile Safari/537.36 OPR/75.2.3995.72468"
34.138.57.128 - - [12/Mar/2026:16:31:35 +0000] "HEAD / HTTP/1.1" 302 0 "http://serdaterra.com.br/" "Mozilla/5.0 (Linux; Android 14; OnePlus 12) AppleWebKit/537.36 (KHTML, like Gecko) Chrome/125.0.6422.102 Mobile Safari/537.36"
34.138.57.128 - - [12/Mar/2026:16:31:36 +0000] "HEAD /new/ HTTP/1.1" 302 0 "http://serdaterra.com.br/new/" "Mozilla/5.0 (Linux; Android 13; Infinix X688B) AppleWebKit/537.36 (KHTML, like Gecko) Chrome/124.0.6367.48 Mobile Safari/537.36"
34.138.57.128 - - [12/Mar/2026:16:31:36 +0000] "HEAD /old/ HTTP/1.1" 302 0 "http://serdaterra.com.br/old/" "Mozilla/5.0 (Linux; U; Android 10; en-US; CPH2015) AppleWebKit/537.36 (KHTML, like Gecko) UCBrowser/13.5.8.1311 Mobile Safari/537.36"
37.187.103.89 - - [12/Mar/2026:16:49:11 +0000] "POST /wp-cron.php?doing_wp_cron=1773334151.4671399593353271484375 HTTP/1.1" 200 31 "-" "WordPress/6.9.4; https://serdaterra.com.br"
104.210.140.139 - - [12/Mar/2026:16:49:11 +0000] "GET /robots.txt HTTP/1.1" 302 5 "-" "Mozilla/5.0 (Macintosh; Intel Mac OS X 10_15_7) AppleWebKit/537.36 (KHTML, like Gecko) Chrome/131.0.0.0 Safari/537.36; compatible; OAI-SearchBot/1.0; +https://openai.com/searchbot"
23.101.4.52 - - [12/Mar/2026:16:59:00 +0000] "GET /.trash7206/index.php HTTP/1.1" 404 196 "-" "Mozilla/5.0 (Windows NT 10.0; Win64; x64) AppleWebKit/537.36 (KHTML, like Gecko) Chrome/120.0.0.0 Safari/537.36"
23.101.4.52 - - [12/Mar/2026:16:59:00 +0000] "GET /.well-known/logs233/index.php?p= HTTP/1.1" 404 196 "-" "Mozilla/5.0 (Windows NT 10.0; Win64; x64) AppleWebKit/537.36 (KHTML, like Gecko) Chrome/120.0.0.0 Safari/537.36"
23.101.4.52 - - [12/Mar/2026:16:59:01 +0000] "GET /wp-content/themes/haha.php HTTP/1.1" 404 196 "-" "Mozilla/5.0 (Windows NT 10.0; Win64; x64) AppleWebKit/537.36 (KHTML, like Gecko) Chrome/120.0.0.0 Safari/537.36"
23.101.4.52 - - [12/Mar/2026:16:59:01 +0000] "GET /wp-content/themes/theme/about.php HTTP/1.1" 404 196 "-" "Mozilla/5.0 (Windows NT 10.0; Win64; x64) AppleWebKit/537.36 (KHTML, like Gecko) Chrome/120.0.0.0 Safari/537.36"
23.101.4.52 - - [12/Mar/2026:16:59:01 +0000] "GET /wp-content/plugins/plugin/index.php HTTP/1.1" 404 196 "-" "Mozilla/5.0 (Windows NT 10.0; Win64; x64) AppleWebKit/537.36 (KHTML, like Gecko) Chrome/120.0.0.0 Safari/537.36"
23.101.4.52 - - [12/Mar/2026:16:59:01 +0000] "GET /xmr.php HTTP/1.1" 404 196 "-" "Mozilla/5.0 (Windows NT 10.0; Win64; x64) AppleWebKit/537.36 (KHTML, like Gecko) Chrome/120.0.0.0 Safari/537.36"
23.101.4.52 - - [12/Mar/2026:16:59:01 +0000] "GET /about.php HTTP/1.1" 404 196 "-" "Mozilla/5.0 (Windows NT 10.0; Win64; x64) AppleWebKit/537.36 (KHTML, like Gecko) Chrome/120.0.0.0 Safari/537.36"
23.101.4.52 - - [12/Mar/2026:16:59:02 +0000] "GET /admin.php HTTP/1.1" 404 196 "-" "Mozilla/5.0 (Windows NT 10.0; Win64; x64) AppleWebKit/537.36 (KHTML, like Gecko) Chrome/120.0.0.0 Safari/537.36"
23.101.4.52 - - [12/Mar/2026:16:59:02 +0000] "GET /adminfuns.php HTTP/1.1" 404 196 "-" "Mozilla/5.0 (Windows NT 10.0; Win64; x64) AppleWebKit/537.36 (KHTML, like Gecko) Chrome/120.0.0.0 Safari/537.36"
23.101.4.52 - - [12/Mar/2026:16:59:02 +0000] "GET /as.php HTTP/1.1" 404 196 "-" "Mozilla/5.0 (Windows NT 10.0; Win64; x64) AppleWebKit/537.36 (KHTML, like Gecko) Chrome/120.0.0.0 Safari/537.36"
23.101.4.52 - - [12/Mar/2026:16:59:02 +0000] "GET /bolt.php HTTP/1.1" 404 196 "-" "Mozilla/5.0 (Windows NT 10.0; Win64; x64) AppleWebKit/537.36 (KHTML, like Gecko) Chrome/120.0.0.0 Safari/537.36"
37.187.103.89 - - [12/Mar/2026:16:59:03 +0000] "POST /wp-cron.php?doing_wp_cron=1773334743.0281341075897216796875 HTTP/1.1" 200 31 "-" "WordPress/6.9.4; https://serdaterra.com.br"
23.101.4.52 - - [12/Mar/2026:16:59:03 +0000] "GET /cgi-bin/ HTTP/1.1" 302 5 "-" "Mozilla/5.0 (Windows NT 10.0; Win64; x64) AppleWebKit/537.36 (KHTML, like Gecko) Chrome/120.0.0.0 Safari/537.36"
23.101.4.52 - - [12/Mar/2026:16:59:03 +0000] "GET /class-t.api.php HTTP/1.1" 404 196 "-" "Mozilla/5.0 (Windows NT 10.0; Win64; x64) AppleWebKit/537.36 (KHTML, like Gecko) Chrome/120.0.0.0 Safari/537.36"
23.101.4.52 - - [12/Mar/2026:16:59:03 +0000] "GET /edit.php HTTP/1.1" 404 196 "-" "Mozilla/5.0 (Windows NT 10.0; Win64; x64) AppleWebKit/537.36 (KHTML, like Gecko) Chrome/120.0.0.0 Safari/537.36"
23.101.4.52 - - [12/Mar/2026:16:59:03 +0000] "GET /ff1.php HTTP/1.1" 404 196 "-" "Mozilla/5.0 (Windows NT 10.0; Win64; x64) AppleWebKit/537.36 (KHTML, like Gecko) Chrome/120.0.0.0 Safari/537.36"
23.101.4.52 - - [12/Mar/2026:16:59:03 +0000] "GET /fff.php HTTP/1.1" 404 196 "-" "Mozilla/5.0 (Windows NT 10.0; Win64; x64) AppleWebKit/537.36 (KHTML, like Gecko) Chrome/120.0.0.0 Safari/537.36"
23.101.4.52 - - [12/Mar/2026:16:59:04 +0000] "GET /inputs.php?p= HTTP/1.1" 404 196 "-" "Mozilla/5.0 (Windows NT 10.0; Win64; x64) AppleWebKit/537.36 (KHTML, like Gecko) Chrome/120.0.0.0 Safari/537.36"
23.101.4.52 - - [12/Mar/2026:16:59:04 +0000] "GET /ioxi-o.php HTTP/1.1" 404 196 "-" "Mozilla/5.0 (Windows NT 10.0; Win64; x64) AppleWebKit/537.36 (KHTML, like Gecko) Chrome/120.0.0.0 Safari/537.36"
23.101.4.52 - - [12/Mar/2026:16:59:04 +0000] "GET /lite.php HTTP/1.1" 404 196 "-" "Mozilla/5.0 (Windows NT 10.0; Win64; x64) AppleWebKit/537.36 (KHTML, like Gecko) Chrome/120.0.0.0 Safari/537.36"
23.101.4.52 - - [12/Mar/2026:16:59:04 +0000] "GET /ms-edit.php HTTP/1.1" 404 196 "-" "Mozilla/5.0 (Windows NT 10.0; Win64; x64) AppleWebKit/537.36 (KHTML, like Gecko) Chrome/120.0.0.0 Safari/537.36"
23.101.4.52 - - [12/Mar/2026:16:59:04 +0000] "GET /rip.php HTTP/1.1" 404 196 "-" "Mozilla/5.0 (Windows NT 10.0; Win64; x64) AppleWebKit/537.36 (KHTML, like Gecko) Chrome/120.0.0.0 Safari/537.36"
23.101.4.52 - - [12/Mar/2026:16:59:05 +0000] "GET /update/da222.php HTTP/1.1" 404 196 "-" "Mozilla/5.0 (Windows NT 10.0; Win64; x64) AppleWebKit/537.36 (KHTML, like Gecko) Chrome/120.0.0.0 Safari/537.36"
23.101.4.52 - - [12/Mar/2026:16:59:05 +0000] "GET /upload.php HTTP/1.1" 404 196 "-" "Mozilla/5.0 (Windows NT 10.0; Win64; x64) AppleWebKit/537.36 (KHTML, like Gecko) Chrome/120.0.0.0 Safari/537.36"
23.101.4.52 - - [12/Mar/2026:16:59:05 +0000] "GET /wk/index.php HTTP/1.1" 404 196 "-" "Mozilla/5.0 (Windows NT 10.0; Win64; x64) AppleWebKit/537.36 (KHTML, like Gecko) Chrome/120.0.0.0 Safari/537.36"
23.101.4.52 - - [12/Mar/2026:16:59:05 +0000] "GET /wp-act.php HTTP/1.1" 404 196 "-" "Mozilla/5.0 (Windows NT 10.0; Win64; x64) AppleWebKit/537.36 (KHTML, like Gecko) Chrome/120.0.0.0 Safari/537.36"
23.101.4.52 - - [12/Mar/2026:16:59:05 +0000] "GET /wp-admin/css/bolt.php HTTP/1.1" 404 196 "-" "Mozilla/5.0 (Windows NT 10.0; Win64; x64) AppleWebKit/537.36 (KHTML, like Gecko) Chrome/120.0.0.0 Safari/537.36"
23.101.4.52 - - [12/Mar/2026:16:59:06 +0000] "GET /wp-admin/js/ HTTP/1.1" 403 195 "-" "Mozilla/5.0 (Windows NT 10.0; Win64; x64) AppleWebKit/537.36 (KHTML, like Gecko) Chrome/120.0.0.0 Safari/537.36"
23.101.4.52 - - [12/Mar/2026:16:59:06 +0000] "GET /wp-admin/js/widgets/ HTTP/1.1" 403 195 "-" "Mozilla/5.0 (Windows NT 10.0; Win64; x64) AppleWebKit/537.36 (KHTML, like Gecko) Chrome/120.0.0.0 Safari/537.36"
23.101.4.52 - - [12/Mar/2026:16:59:06 +0000] "GET /wp-admin/maint/ HTTP/1.1" 403 195 "-" "Mozilla/5.0 (Windows NT 10.0; Win64; x64) AppleWebKit/537.36 (KHTML, like Gecko) Chrome/120.0.0.0 Safari/537.36"
23.101.4.52 - - [12/Mar/2026:16:59:07 +0000] "GET /wp-admin/ HTTP/1.1" 302 5 "-" "Mozilla/5.0 (Windows NT 10.0; Win64; x64) AppleWebKit/537.36 (KHTML, like Gecko) Chrome/120.0.0.0 Safari/537.36"
23.101.4.52 - - [12/Mar/2026:16:59:07 +0000] "GET /wp-content/themes/ HTTP/1.1" 200 31 "-" "Mozilla/5.0 (Windows NT 10.0; Win64; x64) AppleWebKit/537.36 (KHTML, like Gecko) Chrome/120.0.0.0 Safari/537.36"
23.101.4.52 - - [12/Mar/2026:16:59:07 +0000] "GET /wp-content/themes/admin.php HTTP/1.1" 404 196 "-" "Mozilla/5.0 (Windows NT 10.0; Win64; x64) AppleWebKit/537.36 (KHTML, like Gecko) Chrome/120.0.0.0 Safari/537.36"
23.101.4.52 - - [12/Mar/2026:16:59:07 +0000] "GET /wp-content/uploads/ HTTP/1.1" 403 195 "-" "Mozilla/5.0 (Windows NT 10.0; Win64; x64) AppleWebKit/537.36 (KHTML, like Gecko) Chrome/120.0.0.0 Safari/537.36"
23.101.4.52 - - [12/Mar/2026:16:59:07 +0000] "GET /wp-content/uploads/admin.php HTTP/1.1" 404 196 "-" "Mozilla/5.0 (Windows NT 10.0; Win64; x64) AppleWebKit/537.36 (KHTML, like Gecko) Chrome/120.0.0.0 Safari/537.36"
23.101.4.52 - - [12/Mar/2026:16:59:08 +0000] "GET /wp-includes/ HTTP/1.1" 403 195 "-" "Mozilla/5.0 (Windows NT 10.0; Win64; x64) AppleWebKit/537.36 (KHTML, like Gecko) Chrome/120.0.0.0 Safari/537.36"
23.101.4.52 - - [12/Mar/2026:16:59:08 +0000] "GET /wp-includes/js/crop/ HTTP/1.1" 403 195 "-" "Mozilla/5.0 (Windows NT 10.0; Win64; x64) AppleWebKit/537.36 (KHTML, like Gecko) Chrome/120.0.0.0 Safari/537.36"
23.101.4.52 - - [12/Mar/2026:16:59:08 +0000] "GET /wp-links-opml.php HTTP/1.1" 200 238 "-" "Mozilla/5.0 (Windows NT 10.0; Win64; x64) AppleWebKit/537.36 (KHTML, like Gecko) Chrome/120.0.0.0 Safari/537.36"
37.187.103.89 - - [12/Mar/2026:17:29:03 +0000] "POST /wp-cron.php?doing_wp_cron=1773336542.9674799442291259765625 HTTP/1.1" 200 31 "-" "WordPress/6.9.4; https://serdaterra.com.br"
103.136.220.230 - - [12/Mar/2026:17:29:03 +0000] "GET / HTTP/1.1" 302 5 "-" "Mozilla/5.0 (Windows NT 10.0; Win64; x64) AppleWebKit/537.36 (KHTML, like Gecko) Chrome/117.0.5938.60 Safari/537.36"
103.136.221.231 - - [12/Mar/2026:17:29:07 +0000] "GET / HTTP/1.1" 302 5 "-" "Mozilla/5.0 (Windows NT 10.0; Win64; x64) AppleWebKit/537.36 (KHTML, like Gecko) Chrome/117.0.5938.60 Safari/537.36"
37.187.103.89 - - [12/Mar/2026:17:29:44 +0000] "POST /wp-cron.php?doing_wp_cron=1773336584.2721049785614013671875 HTTP/1.1" 200 31 "-" "WordPress/6.9.4; https://serdaterra.com.br"
173.252.69.23 - - [12/Mar/2026:17:29:44 +0000] "GET /robots.txt HTTP/1.1" 302 5 "-" "facebookexternalhit/1.1 (+http://www.facebook.com/externalhit_uatext.php)"
37.187.103.89 - - [12/Mar/2026:19:19:34 +0000] "POST /wp-cron.php?doing_wp_cron=1773343174.4817719459533691406250 HTTP/1.1" 200 31 "-" "WordPress/6.9.4; https://serdaterra.com.br"
74.7.241.183 - - [12/Mar/2026:19:19:34 +0000] "GET /robots.txt HTTP/1.1" 302 5 "-" "Mozilla/5.0 (Macintosh; Intel Mac OS X 10_15_7) AppleWebKit/537.36 (KHTML, like Gecko) Chrome/131.0.0.0 Safari/537.36; compatible; OAI-SearchBot/1.3; robots.txt; +https://openai.com/searchbot"
145.239.10.137 - - [12/Mar/2026:20:00:41 +0000] "GET /k.php HTTP/1.1" 404 134 "https://serdaterra.com.br/k.php" "Mozilla/5.0 (iPhone; CPU iPhone OS 17_5_1 like Mac OS X) AppleWebKit/605.1.15 (KHTML, like Gecko) Version/17.5 Mobile/15E148 Safari/604.1"
37.187.103.89 - - [12/Mar/2026:20:19:31 +0000] "POST /wp-cron.php?doing_wp_cron=1773346770.9405140876770019531250 HTTP/1.1" 200 31 "-" "WordPress/6.9.4; https://serdaterra.com.br"
74.7.241.183 - - [12/Mar/2026:20:19:31 +0000] "GET /robots.txt HTTP/1.1" 302 5 "-" "Mozilla/5.0 (Macintosh; Intel Mac OS X 10_15_7) AppleWebKit/537.36 (KHTML, like Gecko) Chrome/131.0.0.0 Safari/537.36; compatible; OAI-SearchBot/1.3; robots.txt; +https://openai.com/searchbot"
37.187.103.89 - - [12/Mar/2026:21:19:54 +0000] "POST /wp-cron.php?doing_wp_cron=1773350393.8403100967407226562500 HTTP/1.1" 200 31 "-" "WordPress/6.9.4; https://serdaterra.com.br"
74.7.241.183 - - [12/Mar/2026:21:19:54 +0000] "GET /robots.txt HTTP/1.1" 302 5 "-" "Mozilla/5.0 (Macintosh; Intel Mac OS X 10_15_7) AppleWebKit/537.36 (KHTML, like Gecko) Chrome/131.0.0.0 Safari/537.36; compatible; OAI-SearchBot/1.3; robots.txt; +https://openai.com/searchbot"
43.130.40.120 - - [12/Mar/2026:21:19:58 +0000] "GET / HTTP/1.1" 302 5 "http://serdaterra.com.br" "Mozilla/5.0 (iPhone; CPU iPhone OS 13_2_3 like Mac OS X) AppleWebKit/605.1.15 (KHTML, like Gecko) Version/13.0.3 Mobile/15E148 Safari/604.1"
20.214.137.177 - - [12/Mar/2026:21:20:34 +0000] "GET /.trash7206/index.php HTTP/1.1" 404 196 "-" "Mozilla/5.0 (Windows NT 10.0; Win64; x64) AppleWebKit/537.36 (KHTML, like Gecko) Chrome/120.0.0.0 Safari/537.36"
20.214.137.177 - - [12/Mar/2026:21:20:34 +0000] "GET /.well-known/logs233/index.php?p= HTTP/1.1" 404 196 "-" "Mozilla/5.0 (Windows NT 10.0; Win64; x64) AppleWebKit/537.36 (KHTML, like Gecko) Chrome/120.0.0.0 Safari/537.36"
20.214.137.177 - - [12/Mar/2026:21:20:34 +0000] "GET /wp-content/themes/haha.php HTTP/1.1" 404 196 "-" "Mozilla/5.0 (Windows NT 10.0; Win64; x64) AppleWebKit/537.36 (KHTML, like Gecko) Chrome/120.0.0.0 Safari/537.36"
20.214.137.177 - - [12/Mar/2026:21:20:35 +0000] "GET /wp-content/themes/theme/about.php HTTP/1.1" 404 196 "-" "Mozilla/5.0 (Windows NT 10.0; Win64; x64) AppleWebKit/537.36 (KHTML, like Gecko) Chrome/120.0.0.0 Safari/537.36"
20.214.137.177 - - [12/Mar/2026:21:20:35 +0000] "GET /wp-content/plugins/plugin/index.php HTTP/1.1" 404 196 "-" "Mozilla/5.0 (Windows NT 10.0; Win64; x64) AppleWebKit/537.36 (KHTML, like Gecko) Chrome/120.0.0.0 Safari/537.36"
20.214.137.177 - - [12/Mar/2026:21:20:35 +0000] "GET /xmr.php HTTP/1.1" 404 196 "-" "Mozilla/5.0 (Windows NT 10.0; Win64; x64) AppleWebKit/537.36 (KHTML, like Gecko) Chrome/120.0.0.0 Safari/537.36"
20.214.137.177 - - [12/Mar/2026:21:20:36 +0000] "GET /about.php HTTP/1.1" 404 196 "-" "Mozilla/5.0 (Windows NT 10.0; Win64; x64) AppleWebKit/537.36 (KHTML, like Gecko) Chrome/120.0.0.0 Safari/537.36"
20.214.137.177 - - [12/Mar/2026:21:20:36 +0000] "GET /admin.php HTTP/1.1" 404 196 "-" "Mozilla/5.0 (Windows NT 10.0; Win64; x64) AppleWebKit/537.36 (KHTML, like Gecko) Chrome/120.0.0.0 Safari/537.36"
20.214.137.177 - - [12/Mar/2026:21:20:36 +0000] "GET /adminfuns.php HTTP/1.1" 404 196 "-" "Mozilla/5.0 (Windows NT 10.0; Win64; x64) AppleWebKit/537.36 (KHTML, like Gecko) Chrome/120.0.0.0 Safari/537.36"
20.214.137.177 - - [12/Mar/2026:21:20:36 +0000] "GET /as.php HTTP/1.1" 404 196 "-" "Mozilla/5.0 (Windows NT 10.0; Win64; x64) AppleWebKit/537.36 (KHTML, like Gecko) Chrome/120.0.0.0 Safari/537.36"
20.214.137.177 - - [12/Mar/2026:21:20:37 +0000] "GET /bolt.php HTTP/1.1" 404 196 "-" "Mozilla/5.0 (Windows NT 10.0; Win64; x64) AppleWebKit/537.36 (KHTML, like Gecko) Chrome/120.0.0.0 Safari/537.36"
37.187.103.89 - - [12/Mar/2026:21:20:37 +0000] "POST /wp-cron.php?doing_wp_cron=1773350437.5214960575103759765625 HTTP/1.1" 200 31 "-" "WordPress/6.9.4; https://serdaterra.com.br"
20.214.137.177 - - [12/Mar/2026:21:20:37 +0000] "GET /cgi-bin/ HTTP/1.1" 302 5 "-" "Mozilla/5.0 (Windows NT 10.0; Win64; x64) AppleWebKit/537.36 (KHTML, like Gecko) Chrome/120.0.0.0 Safari/537.36"
20.214.137.177 - - [12/Mar/2026:21:20:37 +0000] "GET /class-t.api.php HTTP/1.1" 404 196 "-" "Mozilla/5.0 (Windows NT 10.0; Win64; x64) AppleWebKit/537.36 (KHTML, like Gecko) Chrome/120.0.0.0 Safari/537.36"
20.214.137.177 - - [12/Mar/2026:21:20:38 +0000] "GET /edit.php HTTP/1.1" 404 196 "-" "Mozilla/5.0 (Windows NT 10.0; Win64; x64) AppleWebKit/537.36 (KHTML, like Gecko) Chrome/120.0.0.0 Safari/537.36"
20.214.137.177 - - [12/Mar/2026:21:20:38 +0000] "GET /ff1.php HTTP/1.1" 404 196 "-" "Mozilla/5.0 (Windows NT 10.0; Win64; x64) AppleWebKit/537.36 (KHTML, like Gecko) Chrome/120.0.0.0 Safari/537.36"
20.214.137.177 - - [12/Mar/2026:21:20:38 +0000] "GET /fff.php HTTP/1.1" 404 196 "-" "Mozilla/5.0 (Windows NT 10.0; Win64; x64) AppleWebKit/537.36 (KHTML, like Gecko) Chrome/120.0.0.0 Safari/537.36"
20.214.137.177 - - [12/Mar/2026:21:20:38 +0000] "GET /inputs.php?p= HTTP/1.1" 404 196 "-" "Mozilla/5.0 (Windows NT 10.0; Win64; x64) AppleWebKit/537.36 (KHTML, like Gecko) Chrome/120.0.0.0 Safari/537.36"
20.214.137.177 - - [12/Mar/2026:21:20:39 +0000] "GET /ioxi-o.php HTTP/1.1" 404 196 "-" "Mozilla/5.0 (Windows NT 10.0; Win64; x64) AppleWebKit/537.36 (KHTML, like Gecko) Chrome/120.0.0.0 Safari/537.36"
20.214.137.177 - - [12/Mar/2026:21:20:39 +0000] "GET /lite.php HTTP/1.1" 404 196 "-" "Mozilla/5.0 (Windows NT 10.0; Win64; x64) AppleWebKit/537.36 (KHTML, like Gecko) Chrome/120.0.0.0 Safari/537.36"
20.214.137.177 - - [12/Mar/2026:21:20:39 +0000] "GET /ms-edit.php HTTP/1.1" 404 196 "-" "Mozilla/5.0 (Windows NT 10.0; Win64; x64) AppleWebKit/537.36 (KHTML, like Gecko) Chrome/120.0.0.0 Safari/537.36"
20.214.137.177 - - [12/Mar/2026:21:20:39 +0000] "GET /rip.php HTTP/1.1" 404 196 "-" "Mozilla/5.0 (Windows NT 10.0; Win64; x64) AppleWebKit/537.36 (KHTML, like Gecko) Chrome/120.0.0.0 Safari/537.36"
20.214.137.177 - - [12/Mar/2026:21:20:40 +0000] "GET /update/da222.php HTTP/1.1" 404 196 "-" "Mozilla/5.0 (Windows NT 10.0; Win64; x64) AppleWebKit/537.36 (KHTML, like Gecko) Chrome/120.0.0.0 Safari/537.36"
20.214.137.177 - - [12/Mar/2026:21:20:40 +0000] "GET /upload.php HTTP/1.1" 404 196 "-" "Mozilla/5.0 (Windows NT 10.0; Win64; x64) AppleWebKit/537.36 (KHTML, like Gecko) Chrome/120.0.0.0 Safari/537.36"
20.214.137.177 - - [12/Mar/2026:21:20:40 +0000] "GET /wk/index.php HTTP/1.1" 404 196 "-" "Mozilla/5.0 (Windows NT 10.0; Win64; x64) AppleWebKit/537.36 (KHTML, like Gecko) Chrome/120.0.0.0 Safari/537.36"
20.214.137.177 - - [12/Mar/2026:21:20:40 +0000] "GET /wp-act.php HTTP/1.1" 404 196 "-" "Mozilla/5.0 (Windows NT 10.0; Win64; x64) AppleWebKit/537.36 (KHTML, like Gecko) Chrome/120.0.0.0 Safari/537.36"
20.214.137.177 - - [12/Mar/2026:21:20:41 +0000] "GET /wp-admin/css/bolt.php HTTP/1.1" 404 196 "-" "Mozilla/5.0 (Windows NT 10.0; Win64; x64) AppleWebKit/537.36 (KHTML, like Gecko) Chrome/120.0.0.0 Safari/537.36"
20.214.137.177 - - [12/Mar/2026:21:20:41 +0000] "GET /wp-admin/js/ HTTP/1.1" 403 195 "-" "Mozilla/5.0 (Windows NT 10.0; Win64; x64) AppleWebKit/537.36 (KHTML, like Gecko) Chrome/120.0.0.0 Safari/537.36"
20.214.137.177 - - [12/Mar/2026:21:20:41 +0000] "GET /wp-admin/js/widgets/ HTTP/1.1" 403 195 "-" "Mozilla/5.0 (Windows NT 10.0; Win64; x64) AppleWebKit/537.36 (KHTML, like Gecko) Chrome/120.0.0.0 Safari/537.36"
20.214.137.177 - - [12/Mar/2026:21:20:42 +0000] "GET /wp-admin/maint/ HTTP/1.1" 403 195 "-" "Mozilla/5.0 (Windows NT 10.0; Win64; x64) AppleWebKit/537.36 (KHTML, like Gecko) Chrome/120.0.0.0 Safari/537.36"
20.214.137.177 - - [12/Mar/2026:21:20:42 +0000] "GET /wp-admin/ HTTP/1.1" 302 5 "-" "Mozilla/5.0 (Windows NT 10.0; Win64; x64) AppleWebKit/537.36 (KHTML, like Gecko) Chrome/120.0.0.0 Safari/537.36"
20.214.137.177 - - [12/Mar/2026:21:20:42 +0000] "GET /wp-content/themes/ HTTP/1.1" 200 31 "-" "Mozilla/5.0 (Windows NT 10.0; Win64; x64) AppleWebKit/537.36 (KHTML, like Gecko) Chrome/120.0.0.0 Safari/537.36"
20.214.137.177 - - [12/Mar/2026:21:20:43 +0000] "GET /wp-content/themes/admin.php HTTP/1.1" 404 196 "-" "Mozilla/5.0 (Windows NT 10.0; Win64; x64) AppleWebKit/537.36 (KHTML, like Gecko) Chrome/120.0.0.0 Safari/537.36"
20.214.137.177 - - [12/Mar/2026:21:20:43 +0000] "GET /wp-content/uploads/ HTTP/1.1" 403 195 "-" "Mozilla/5.0 (Windows NT 10.0; Win64; x64) AppleWebKit/537.36 (KHTML, like Gecko) Chrome/120.0.0.0 Safari/537.36"
20.214.137.177 - - [12/Mar/2026:21:20:43 +0000] "GET /wp-content/uploads/admin.php HTTP/1.1" 404 196 "-" "Mozilla/5.0 (Windows NT 10.0; Win64; x64) AppleWebKit/537.36 (KHTML, like Gecko) Chrome/120.0.0.0 Safari/537.36"
20.214.137.177 - - [12/Mar/2026:21:20:44 +0000] "GET /wp-includes/ HTTP/1.1" 403 195 "-" "Mozilla/5.0 (Windows NT 10.0; Win64; x64) AppleWebKit/537.36 (KHTML, like Gecko) Chrome/120.0.0.0 Safari/537.36"
20.214.137.177 - - [12/Mar/2026:21:20:44 +0000] "GET /wp-includes/js/crop/ HTTP/1.1" 403 195 "-" "Mozilla/5.0 (Windows NT 10.0; Win64; x64) AppleWebKit/537.36 (KHTML, like Gecko) Chrome/120.0.0.0 Safari/537.36"
20.214.137.177 - - [12/Mar/2026:21:20:44 +0000] "GET /wp-links-opml.php HTTP/1.1" 200 238 "-" "Mozilla/5.0 (Windows NT 10.0; Win64; x64) AppleWebKit/537.36 (KHTML, like Gecko) Chrome/120.0.0.0 Safari/537.36"
37.187.103.89 - - [12/Mar/2026:22:02:49 +0000] "POST /wp-cron.php?doing_wp_cron=1773352969.2639999389648437500000 HTTP/1.1" 200 31 "-" "WordPress/6.9.4; https://serdaterra.com.br"
64.15.129.111 - - [12/Mar/2026:22:02:49 +0000] "GET / HTTP/1.1" 302 5 "-" "Mozilla/5.0 (Windows NT 10.0; Win64; x64) AppleWebKit/537.36 (KHTML, like Gecko) Chrome/145.0.0.0 Safari/537.36"
37.187.103.89 - - [12/Mar/2026:22:19:43 +0000] "POST /wp-cron.php?doing_wp_cron=1773353982.9252820014953613281250 HTTP/1.1" 200 31 "-" "WordPress/6.9.4; https://serdaterra.com.br"
74.7.241.183 - - [12/Mar/2026:22:19:43 +0000] "GET /robots.txt HTTP/1.1" 302 5 "-" "Mozilla/5.0 (Macintosh; Intel Mac OS X 10_15_7) AppleWebKit/537.36 (KHTML, like Gecko) Chrome/131.0.0.0 Safari/537.36; compatible; OAI-SearchBot/1.3; robots.txt; +https://openai.com/searchbot"
37.187.103.89 - - [12/Mar/2026:22:31:35 +0000] "POST /wp-cron.php?doing_wp_cron=1773354695.2525770664215087890625 HTTP/1.1" 200 31 "-" "WordPress/6.9.4; https://serdaterra.com.br"
74.7.241.183 - - [12/Mar/2026:22:31:35 +0000] "GET /robots.txt HTTP/1.1" 302 5 "-" "Mozilla/5.0 (Macintosh; Intel Mac OS X 10_15_7) AppleWebKit/537.36 (KHTML, like Gecko) Chrome/131.0.0.0 Safari/537.36; compatible; OAI-SearchBot/1.3; robots.txt; +https://openai.com/searchbot"
37.187.103.89 - - [12/Mar/2026:23:46:23 +0000] "POST /wp-cron.php?doing_wp_cron=1773359183.0391819477081298828125 HTTP/1.1" 200 31 "-" "WordPress/6.9.4; https://serdaterra.com.br"
74.7.241.183 - - [12/Mar/2026:23:46:23 +0000] "GET /robots.txt HTTP/1.1" 302 5 "-" "Mozilla/5.0 (Macintosh; Intel Mac OS X 10_15_7) AppleWebKit/537.36 (KHTML, like Gecko) Chrome/131.0.0.0 Safari/537.36; compatible; OAI-SearchBot/1.3; robots.txt; +https://openai.com/searchbot"
20.222.18.47 - - [13/Mar/2026:00:00:25 +0000] "GET /wk/index.php HTTP/1.1" 404 196 "-" "Mozilla/5.0 (Windows NT 10.0; Win64; x64) AppleWebKit/537.36 (KHTML, like Gecko) Chrome/120.0.0.0 Safari/537.36"
20.222.18.47 - - [13/Mar/2026:00:00:25 +0000] "GET /inputs.php HTTP/1.1" 404 196 "-" "Mozilla/5.0 (Windows NT 10.0; Win64; x64) AppleWebKit/537.36 (KHTML, like Gecko) Chrome/120.0.0.0 Safari/537.36"
20.222.18.47 - - [13/Mar/2026:00:00:25 +0000] "GET /ioxi-o.php HTTP/1.1" 404 196 "-" "Mozilla/5.0 (Windows NT 10.0; Win64; x64) AppleWebKit/537.36 (KHTML, like Gecko) Chrome/120.0.0.0 Safari/537.36"
20.222.18.47 - - [13/Mar/2026:00:00:25 +0000] "GET /function/function.php HTTP/1.1" 404 196 "-" "Mozilla/5.0 (Windows NT 10.0; Win64; x64) AppleWebKit/537.36 (KHTML, like Gecko) Chrome/120.0.0.0 Safari/537.36"
20.222.18.47 - - [13/Mar/2026:00:00:26 +0000] "GET /rip.php HTTP/1.1" 404 196 "-" "Mozilla/5.0 (Windows NT 10.0; Win64; x64) AppleWebKit/537.36 (KHTML, like Gecko) Chrome/120.0.0.0 Safari/537.36"
20.222.18.47 - - [13/Mar/2026:00:00:26 +0000] "GET /admin.php HTTP/1.1" 404 196 "-" "Mozilla/5.0 (Windows NT 10.0; Win64; x64) AppleWebKit/537.36 (KHTML, like Gecko) Chrome/120.0.0.0 Safari/537.36"
20.222.18.47 - - [13/Mar/2026:00:00:26 +0000] "GET /wp-content/uploads/index.php HTTP/1.1" 404 196 "-" "Mozilla/5.0 (Windows NT 10.0; Win64; x64) AppleWebKit/537.36 (KHTML, like Gecko) Chrome/120.0.0.0 Safari/537.36"
20.222.18.47 - - [13/Mar/2026:00:00:26 +0000] "GET /cache.php HTTP/1.1" 404 196 "-" "Mozilla/5.0 (Windows NT 10.0; Win64; x64) AppleWebKit/537.36 (KHTML, like Gecko) Chrome/120.0.0.0 Safari/537.36"
20.222.18.47 - - [13/Mar/2026:00:00:27 +0000] "GET /themes.php HTTP/1.1" 404 196 "-" "Mozilla/5.0 (Windows NT 10.0; Win64; x64) AppleWebKit/537.36 (KHTML, like Gecko) Chrome/120.0.0.0 Safari/537.36"
20.222.18.47 - - [13/Mar/2026:00:00:27 +0000] "GET /an.php HTTP/1.1" 404 196 "-" "Mozilla/5.0 (Windows NT 10.0; Win64; x64) AppleWebKit/537.36 (KHTML, like Gecko) Chrome/120.0.0.0 Safari/537.36"
20.222.18.47 - - [13/Mar/2026:00:00:27 +0000] "GET /index/function.php HTTP/1.1" 404 196 "-" "Mozilla/5.0 (Windows NT 10.0; Win64; x64) AppleWebKit/537.36 (KHTML, like Gecko) Chrome/120.0.0.0 Safari/537.36"
37.187.103.89 - - [13/Mar/2026:00:00:28 +0000] "POST /wp-cron.php?doing_wp_cron=1773360028.1874570846557617187500 HTTP/1.1" 200 31 "-" "WordPress/6.9.4; https://serdaterra.com.br"
20.222.18.47 - - [13/Mar/2026:00:00:28 +0000] "GET /randkeyword.PhP7 HTTP/1.1" 302 5 "-" "Mozilla/5.0 (Windows NT 10.0; Win64; x64) AppleWebKit/537.36 (KHTML, like Gecko) Chrome/120.0.0.0 Safari/537.36"
20.222.18.47 - - [13/Mar/2026:00:00:28 +0000] "GET /ws.php HTTP/1.1" 404 196 "-" "Mozilla/5.0 (Windows NT 10.0; Win64; x64) AppleWebKit/537.36 (KHTML, like Gecko) Chrome/120.0.0.0 Safari/537.36"
20.222.18.47 - - [13/Mar/2026:00:00:28 +0000] "GET /404.php HTTP/1.1" 404 196 "-" "Mozilla/5.0 (Windows NT 10.0; Win64; x64) AppleWebKit/537.36 (KHTML, like Gecko) Chrome/120.0.0.0 Safari/537.36"
20.222.18.47 - - [13/Mar/2026:00:00:29 +0000] "GET /wp-admin/user/index.php HTTP/1.1" 302 5 "-" "Mozilla/5.0 (Windows NT 10.0; Win64; x64) AppleWebKit/537.36 (KHTML, like Gecko) Chrome/120.0.0.0 Safari/537.36"
20.222.18.47 - - [13/Mar/2026:00:00:29 +0000] "GET /wp-conf.php HTTP/1.1" 404 196 "-" "Mozilla/5.0 (Windows NT 10.0; Win64; x64) AppleWebKit/537.36 (KHTML, like Gecko) Chrome/120.0.0.0 Safari/537.36"
20.222.18.47 - - [13/Mar/2026:00:00:30 +0000] "GET /wp-content/themes/hideo/network.php HTTP/1.1" 404 196 "-" "Mozilla/5.0 (Windows NT 10.0; Win64; x64) AppleWebKit/537.36 (KHTML, like Gecko) Chrome/120.0.0.0 Safari/537.36"
20.222.18.47 - - [13/Mar/2026:00:00:31 +0000] "GET /wp-login.php HTTP/1.1" 200 2244 "-" "Mozilla/5.0 (Windows NT 10.0; Win64; x64) AppleWebKit/537.36 (KHTML, like Gecko) Chrome/120.0.0.0 Safari/537.36"
20.222.18.47 - - [13/Mar/2026:00:00:31 +0000] "GET /abc.php HTTP/1.1" 404 196 "-" "Mozilla/5.0 (Windows NT 10.0; Win64; x64) AppleWebKit/537.36 (KHTML, like Gecko) Chrome/120.0.0.0 Safari/537.36"
20.222.18.47 - - [13/Mar/2026:00:00:31 +0000] "GET /abcd.php HTTP/1.1" 404 196 "-" "Mozilla/5.0 (Windows NT 10.0; Win64; x64) AppleWebKit/537.36 (KHTML, like Gecko) Chrome/120.0.0.0 Safari/537.36"
20.222.18.47 - - [13/Mar/2026:00:00:31 +0000] "GET /as.php HTTP/1.1" 404 196 "-" "Mozilla/5.0 (Windows NT 10.0; Win64; x64) AppleWebKit/537.36 (KHTML, like Gecko) Chrome/120.0.0.0 Safari/537.36"
20.222.18.47 - - [13/Mar/2026:00:00:32 +0000] "GET /wp-trackback.php HTTP/1.1" 200 146 "-" "Mozilla/5.0 (Windows NT 10.0; Win64; x64) AppleWebKit/537.36 (KHTML, like Gecko) Chrome/120.0.0.0 Safari/537.36"
20.222.18.47 - - [13/Mar/2026:00:00:32 +0000] "GET /about.php HTTP/1.1" 404 196 "-" "Mozilla/5.0 (Windows NT 10.0; Win64; x64) AppleWebKit/537.36 (KHTML, like Gecko) Chrome/120.0.0.0 Safari/537.36"
20.222.18.47 - - [13/Mar/2026:00:00:32 +0000] "GET /file.php HTTP/1.1" 404 196 "-" "Mozilla/5.0 (Windows NT 10.0; Win64; x64) AppleWebKit/537.36 (KHTML, like Gecko) Chrome/120.0.0.0 Safari/537.36"
20.222.18.47 - - [13/Mar/2026:00:00:33 +0000] "GET /adminfuns.php HTTP/1.1" 404 196 "-" "Mozilla/5.0 (Windows NT 10.0; Win64; x64) AppleWebKit/537.36 (KHTML, like Gecko) Chrome/120.0.0.0 Safari/537.36"
20.222.18.47 - - [13/Mar/2026:00:00:33 +0000] "GET /wp-good.php HTTP/1.1" 404 196 "-" "Mozilla/5.0 (Windows NT 10.0; Win64; x64) AppleWebKit/537.36 (KHTML, like Gecko) Chrome/120.0.0.0 Safari/537.36"
20.222.18.47 - - [13/Mar/2026:00:00:34 +0000] "GET /xmlrpc.php HTTP/1.1" 405 53 "-" "Mozilla/5.0 (Windows NT 10.0; Win64; x64) AppleWebKit/537.36 (KHTML, like Gecko) Chrome/120.0.0.0 Safari/537.36"
20.222.18.47 - - [13/Mar/2026:00:00:34 +0000] "GET /goods.php HTTP/1.1" 404 196 "-" "Mozilla/5.0 (Windows NT 10.0; Win64; x64) AppleWebKit/537.36 (KHTML, like Gecko) Chrome/120.0.0.0 Safari/537.36"
20.222.18.47 - - [13/Mar/2026:00:00:34 +0000] "GET /class-t.api.php HTTP/1.1" 404 196 "-" "Mozilla/5.0 (Windows NT 10.0; Win64; x64) AppleWebKit/537.36 (KHTML, like Gecko) Chrome/120.0.0.0 Safari/537.36"
20.222.18.47 - - [13/Mar/2026:00:00:34 +0000] "GET /sf.php HTTP/1.1" 404 196 "-" "Mozilla/5.0 (Windows NT 10.0; Win64; x64) AppleWebKit/537.36 (KHTML, like Gecko) Chrome/120.0.0.0 Safari/537.36"
20.222.18.47 - - [13/Mar/2026:00:00:34 +0000] "GET /kbfr.php HTTP/1.1" 404 196 "-" "Mozilla/5.0 (Windows NT 10.0; Win64; x64) AppleWebKit/537.36 (KHTML, like Gecko) Chrome/120.0.0.0 Safari/537.36"
20.222.18.47 - - [13/Mar/2026:00:00:35 +0000] "GET /autoload_classmap.php HTTP/1.1" 404 196 "-" "Mozilla/5.0 (Windows NT 10.0; Win64; x64) AppleWebKit/537.36 (KHTML, like Gecko) Chrome/120.0.0.0 Safari/537.36"
20.222.18.47 - - [13/Mar/2026:00:00:35 +0000] "GET /chosen.php?p= HTTP/1.1" 404 196 "-" "Mozilla/5.0 (Windows NT 10.0; Win64; x64) AppleWebKit/537.36 (KHTML, like Gecko) Chrome/120.0.0.0 Safari/537.36"
20.222.18.47 - - [13/Mar/2026:00:00:35 +0000] "GET /classwithtostring.php HTTP/1.1" 404 196 "-" "Mozilla/5.0 (Windows NT 10.0; Win64; x64) AppleWebKit/537.36 (KHTML, like Gecko) Chrome/120.0.0.0 Safari/537.36"
20.222.18.47 - - [13/Mar/2026:00:00:35 +0000] "GET /defaults.php HTTP/1.1" 404 196 "-" "Mozilla/5.0 (Windows NT 10.0; Win64; x64) AppleWebKit/537.36 (KHTML, like Gecko) Chrome/120.0.0.0 Safari/537.36"
20.222.18.47 - - [13/Mar/2026:00:00:36 +0000] "GET /wp-includes/ HTTP/1.1" 403 195 "-" "Mozilla/5.0 (Windows NT 10.0; Win64; x64) AppleWebKit/537.36 (KHTML, like Gecko) Chrome/120.0.0.0 Safari/537.36"
20.222.18.47 - - [13/Mar/2026:00:00:36 +0000] "GET /.well-known/ HTTP/1.1" 302 5 "-" "Mozilla/5.0 (Windows NT 10.0; Win64; x64) AppleWebKit/537.36 (KHTML, like Gecko) Chrome/120.0.0.0 Safari/537.36"
20.222.18.47 - - [13/Mar/2026:00:00:36 +0000] "GET /info.php HTTP/1.1" 404 196 "-" "Mozilla/5.0 (Windows NT 10.0; Win64; x64) AppleWebKit/537.36 (KHTML, like Gecko) Chrome/120.0.0.0 Safari/537.36"
20.222.18.47 - - [13/Mar/2026:00:00:37 +0000] "GET /cgi-bin/ HTTP/1.1" 302 5 "-" "Mozilla/5.0 (Windows NT 10.0; Win64; x64) AppleWebKit/537.36 (KHTML, like Gecko) Chrome/120.0.0.0 Safari/537.36"
20.222.18.47 - - [13/Mar/2026:00:00:37 +0000] "GET /uploads/ HTTP/1.1" 302 5 "-" "Mozilla/5.0 (Windows NT 10.0; Win64; x64) AppleWebKit/537.36 (KHTML, like Gecko) Chrome/120.0.0.0 Safari/537.36"
20.222.18.47 - - [13/Mar/2026:00:00:37 +0000] "GET /wp-admin/images/ HTTP/1.1" 403 195 "-" "Mozilla/5.0 (Windows NT 10.0; Win64; x64) AppleWebKit/537.36 (KHTML, like Gecko) Chrome/120.0.0.0 Safari/537.36"
20.222.18.47 - - [13/Mar/2026:00:00:38 +0000] "GET /wp-includes/Requests/src/Response/about.php HTTP/1.1" 404 196 "-" "Mozilla/5.0 (Windows NT 10.0; Win64; x64) AppleWebKit/537.36 (KHTML, like Gecko) Chrome/120.0.0.0 Safari/537.36"
20.222.18.47 - - [13/Mar/2026:00:00:38 +0000] "GET /wp-includes/html-api/ HTTP/1.1" 403 195 "-" "Mozilla/5.0 (Windows NT 10.0; Win64; x64) AppleWebKit/537.36 (KHTML, like Gecko) Chrome/120.0.0.0 Safari/537.36"
20.222.18.47 - - [13/Mar/2026:00:00:38 +0000] "GET /wp-content/admin.php HTTP/1.1" 404 196 "-" "Mozilla/5.0 (Windows NT 10.0; Win64; x64) AppleWebKit/537.36 (KHTML, like Gecko) Chrome/120.0.0.0 Safari/537.36"
20.222.18.47 - - [13/Mar/2026:00:00:38 +0000] "GET /wp-admin/css/colors/ectoplasm/ HTTP/1.1" 403 195 "-" "Mozilla/5.0 (Windows NT 10.0; Win64; x64) AppleWebKit/537.36 (KHTML, like Gecko) Chrome/120.0.0.0 Safari/537.36"
20.222.18.47 - - [13/Mar/2026:00:00:39 +0000] "GET /wp-content/uploads/ HTTP/1.1" 403 195 "-" "Mozilla/5.0 (Windows NT 10.0; Win64; x64) AppleWebKit/537.36 (KHTML, like Gecko) Chrome/120.0.0.0 Safari/537.36"
20.222.18.47 - - [13/Mar/2026:00:00:39 +0000] "GET /wp-content/themes/admin.php HTTP/1.1" 404 196 "-" "Mozilla/5.0 (Windows NT 10.0; Win64; x64) AppleWebKit/537.36 (KHTML, like Gecko) Chrome/120.0.0.0 Safari/537.36"
20.222.18.47 - - [13/Mar/2026:00:00:39 +0000] "GET /wp-content/themes/index.php HTTP/1.1" 200 31 "-" "Mozilla/5.0 (Windows NT 10.0; Win64; x64) AppleWebKit/537.36 (KHTML, like Gecko) Chrome/120.0.0.0 Safari/537.36"
20.222.18.47 - - [13/Mar/2026:00:00:40 +0000] "GET /wp-content/plugins/index.php HTTP/1.1" 200 31 "-" "Mozilla/5.0 (Windows NT 10.0; Win64; x64) AppleWebKit/537.36 (KHTML, like Gecko) Chrome/120.0.0.0 Safari/537.36"
20.222.18.47 - - [13/Mar/2026:00:00:40 +0000] "GET /wp-includes/PHPMailer/ HTTP/1.1" 403 195 "-" "Mozilla/5.0 (Windows NT 10.0; Win64; x64) AppleWebKit/537.36 (KHTML, like Gecko) Chrome/120.0.0.0 Safari/537.36"
20.222.18.47 - - [13/Mar/2026:00:00:40 +0000] "GET /wsoyanz.php HTTP/1.1" 404 196 "-" "Mozilla/5.0 (Windows NT 10.0; Win64; x64) AppleWebKit/537.36 (KHTML, like Gecko) Chrome/120.0.0.0 Safari/537.36"
20.222.18.47 - - [13/Mar/2026:00:00:41 +0000] "GET /xleet HTTP/1.1" 302 5 "-" "Mozilla/5.0 (Windows NT 10.0; Win64; x64) AppleWebKit/537.36 (KHTML, like Gecko) Chrome/120.0.0.0 Safari/537.36"
20.222.18.47 - - [13/Mar/2026:00:00:41 +0000] "GET /xmrlpc.php HTTP/1.1" 404 196 "-" "Mozilla/5.0 (Windows NT 10.0; Win64; x64) AppleWebKit/537.36 (KHTML, like Gecko) Chrome/120.0.0.0 Safari/537.36"
37.187.103.89 - - [13/Mar/2026:00:29:39 +0000] "POST /wp-cron.php?doing_wp_cron=1773361779.2626049518585205078125 HTTP/1.1" 200 31 "-" "WordPress/6.9.4; https://serdaterra.com.br"
139.59.40.129 - - [13/Mar/2026:00:29:39 +0000] "GET / HTTP/1.1" 302 5 "-" "Mozilla/5.0 (X11; Linux x86_64) AppleWebKit/537.36 (KHTML, like Gecko) Chrome/142.0.0.0 Safari/537.36"
37.187.103.89 - - [13/Mar/2026:01:03:03 +0000] "POST /wp-cron.php?doing_wp_cron=1773363783.4235160350799560546875 HTTP/1.1" 200 31 "-" "WordPress/6.9.4; https://serdaterra.com.br"
43.157.175.122 - - [13/Mar/2026:01:03:03 +0000] "GET / HTTP/1.1" 302 5 "http://serdaterra.com.br" "Mozilla/5.0 (iPhone; CPU iPhone OS 13_2_3 like Mac OS X) AppleWebKit/605.1.15 (KHTML, like Gecko) Version/13.0.3 Mobile/15E148 Safari/604.1"
37.187.103.89 - - [13/Mar/2026:01:48:47 +0000] "POST /wp-cron.php?doing_wp_cron=1773366527.6018979549407958984375 HTTP/1.1" 200 31 "-" "WordPress/6.9.4; https://serdaterra.com.br"
98.89.254.180 - - [13/Mar/2026:01:48:47 +0000] "GET /robots.txt HTTP/1.1" 302 5 "-" "Mozilla/5.0 (Macintosh; Intel Mac OS X 10_10_1) AppleWebKit/600.2.5 (KHTML, like Gecko) Version/8.0.2 Safari/600.2.5 (Gort)"
37.187.103.89 - - [13/Mar/2026:02:05:28 +0000] "POST /wp-cron.php?doing_wp_cron=1773367528.1991078853607177734375 HTTP/1.1" 200 31 "-" "WordPress/6.9.4; https://serdaterra.com.br"
64.23.235.202 - - [13/Mar/2026:02:05:28 +0000] "GET / HTTP/1.1" 302 5 "-" "Mozilla/5.0 (X11; Linux x86_64) AppleWebKit/537.36 (KHTML, like Gecko) Chrome/142.0.0.0 Safari/537.36"
37.187.103.89 - - [13/Mar/2026:02:08:33 +0000] "POST /wp-cron.php?doing_wp_cron=1773367712.9153339862823486328125 HTTP/1.1" 200 31 "-" "WordPress/6.9.4; https://serdaterra.com.br"
66.249.64.128 - - [13/Mar/2026:02:08:33 +0000] "GET /robots.txt HTTP/1.1" 302 5 "-" "Mozilla/5.0 (compatible; Googlebot/2.1; +http://www.google.com/bot.html)"
66.249.64.132 - - [13/Mar/2026:02:08:36 +0000] "GET / HTTP/1.1" 302 5 "-" "Mozilla/5.0 (Linux; Android 6.0.1; Nexus 5X Build/MMB29P) AppleWebKit/537.36 (KHTML, like Gecko) Chrome/145.0.7632.116 Mobile Safari/537.36 (compatible; Googlebot/2.1; +http://www.google.com/bot.html)"
192.109.200.135 - - [13/Mar/2026:02:12:13 +0000] "GET /wp-login.php HTTP/1.1" 499 0 "-" "Mozilla/5.0 (Windows NT 10.0; Win64; x64) Gecko/20100101 Firefox/122.0"
37.187.103.89 - - [13/Mar/2026:02:12:24 +0000] "POST /wp-cron.php?doing_wp_cron=1773367943.8316531181335449218750 HTTP/1.1" 200 31 "-" "WordPress/6.9.4; https://serdaterra.com.br"
37.187.103.89 - - [13/Mar/2026:02:28:35 +0000] "POST /wp-cron.php?doing_wp_cron=1773368915.4768469333648681640625 HTTP/1.1" 200 31 "-" "WordPress/6.9.4; https://serdaterra.com.br"
43.128.67.187 - - [13/Mar/2026:02:28:35 +0000] "GET / HTTP/1.1" 302 5 "http://serdaterra.com.br" "Mozilla/5.0 (iPhone; CPU iPhone OS 13_2_3 like Mac OS X) AppleWebKit/605.1.15 (KHTML, like Gecko) Version/13.0.3 Mobile/15E148 Safari/604.1"
139.59.227.48 - - [13/Mar/2026:02:36:58 +0000] "GET /license.txt HTTP/1.1" 200 19903 "-" "python-requests/2.27.1"
37.187.103.89 - - [13/Mar/2026:02:58:20 +0000] "POST /wp-cron.php?doing_wp_cron=1773370700.3541989326477050781250 HTTP/1.1" 200 31 "-" "WordPress/6.9.4; https://serdaterra.com.br"
74.7.241.183 - - [13/Mar/2026:02:58:20 +0000] "GET /robots.txt HTTP/1.1" 302 5 "-" "Mozilla/5.0 (Macintosh; Intel Mac OS X 10_15_7) AppleWebKit/537.36 (KHTML, like Gecko) Chrome/131.0.0.0 Safari/537.36; compatible; OAI-SearchBot/1.3; robots.txt; +https://openai.com/searchbot"
37.187.103.89 - - [13/Mar/2026:03:13:49 +0000] "POST /wp-cron.php?doing_wp_cron=1773371629.6211071014404296875000 HTTP/1.1" 200 31 "-" "WordPress/6.9.4; https://serdaterra.com.br"
74.7.241.183 - - [13/Mar/2026:03:13:49 +0000] "GET /robots.txt HTTP/1.1" 302 5 "-" "Mozilla/5.0 (Macintosh; Intel Mac OS X 10_15_7) AppleWebKit/537.36 (KHTML, like Gecko) Chrome/131.0.0.0 Safari/537.36; compatible; OAI-SearchBot/1.3; robots.txt; +https://openai.com/searchbot"
37.187.103.89 - - [13/Mar/2026:04:55:10 +0000] "POST /wp-cron.php?doing_wp_cron=1773377709.6763250827789306640625 HTTP/1.1" 200 31 "-" "WordPress/6.9.4; https://serdaterra.com.br"
66.249.64.131 - - [13/Mar/2026:04:55:10 +0000] "GET /robots.txt HTTP/1.1" 302 5 "-" "Mozilla/5.0 (compatible; Googlebot/2.1; +http://www.google.com/bot.html)"
66.249.64.131 - - [13/Mar/2026:04:55:11 +0000] "GET / HTTP/1.1" 302 5 "-" "Mozilla/5.0 (Linux; Android 6.0.1; Nexus 5X Build/MMB29P) AppleWebKit/537.36 (KHTML, like Gecko) Chrome/99.0.4844.84 Mobile Safari/537.36 (compatible; Googlebot/2.1; +http://www.google.com/bot.html)"
66.249.64.132 - - [13/Mar/2026:04:55:11 +0000] "GET / HTTP/1.1" 302 5 "-" "Mozilla/5.0 (compatible; Googlebot/2.1; +http://www.google.com/bot.html)"
37.187.103.89 - - [13/Mar/2026:05:05:39 +0000] "POST /wp-cron.php?doing_wp_cron=1773378339.4591948986053466796875 HTTP/1.1" 200 31 "-" "WordPress/6.9.4; https://serdaterra.com.br"
74.7.241.183 - - [13/Mar/2026:05:05:39 +0000] "GET /robots.txt HTTP/1.1" 302 5 "-" "Mozilla/5.0 (Macintosh; Intel Mac OS X 10_15_7) AppleWebKit/537.36 (KHTML, like Gecko) Chrome/131.0.0.0 Safari/537.36; compatible; OAI-SearchBot/1.3; robots.txt; +https://openai.com/searchbot"
37.187.103.89 - - [13/Mar/2026:05:18:44 +0000] "POST /wp-cron.php?doing_wp_cron=1773379124.2049319744110107421875 HTTP/1.1" 200 31 "-" "WordPress/6.9.4; https://serdaterra.com.br"
74.7.241.183 - - [13/Mar/2026:05:18:44 +0000] "GET /robots.txt HTTP/1.1" 302 5 "-" "Mozilla/5.0 (Macintosh; Intel Mac OS X 10_15_7) AppleWebKit/537.36 (KHTML, like Gecko) Chrome/131.0.0.0 Safari/537.36; compatible; OAI-SearchBot/1.3; robots.txt; +https://openai.com/searchbot"
37.187.103.89 - - [13/Mar/2026:05:44:10 +0000] "POST /wp-cron.php?doing_wp_cron=1773380650.4196369647979736328125 HTTP/1.1" 200 31 "-" "WordPress/6.9.4; https://serdaterra.com.br"
74.7.241.183 - - [13/Mar/2026:05:44:10 +0000] "GET /robots.txt HTTP/1.1" 302 5 "-" "Mozilla/5.0 (Macintosh; Intel Mac OS X 10_15_7) AppleWebKit/537.36 (KHTML, like Gecko) Chrome/131.0.0.0 Safari/537.36; compatible; OAI-SearchBot/1.3; robots.txt; +https://openai.com/searchbot"
37.187.103.89 - - [13/Mar/2026:06:09:17 +0000] "POST /wp-cron.php?doing_wp_cron=1773382156.9927639961242675781250 HTTP/1.1" 200 31 "-" "WordPress/6.9.4; https://serdaterra.com.br"
23.27.145.239 - - [13/Mar/2026:06:09:17 +0000] "GET / HTTP/1.1" 302 5 "-" "Mozilla/5.0 (X11; Linux i686; rv:109.0) Gecko/20100101 Firefox/120.0"
4.193.177.110 - - [13/Mar/2026:06:23:32 +0000] "GET /update/da222.php HTTP/1.1" 404 196 "-" "Mozilla/5.0 (Windows NT 10.0; Win64; x64) AppleWebKit/537.36 (KHTML, like Gecko) Chrome/120.0.0.0 Safari/537.36"
4.193.177.110 - - [13/Mar/2026:06:23:32 +0000] "GET /xmr.php HTTP/1.1" 404 196 "-" "Mozilla/5.0 (Windows NT 10.0; Win64; x64) AppleWebKit/537.36 (KHTML, like Gecko) Chrome/120.0.0.0 Safari/537.36"
4.193.177.110 - - [13/Mar/2026:06:23:32 +0000] "GET /wp-admin/css/bolt.php HTTP/1.1" 404 196 "-" "Mozilla/5.0 (Windows NT 10.0; Win64; x64) AppleWebKit/537.36 (KHTML, like Gecko) Chrome/120.0.0.0 Safari/537.36"
4.193.177.110 - - [13/Mar/2026:06:23:32 +0000] "GET /wp-act.php HTTP/1.1" 404 196 "-" "Mozilla/5.0 (Windows NT 10.0; Win64; x64) AppleWebKit/537.36 (KHTML, like Gecko) Chrome/120.0.0.0 Safari/537.36"
4.193.177.110 - - [13/Mar/2026:06:23:32 +0000] "GET /fff.php HTTP/1.1" 404 196 "-" "Mozilla/5.0 (Windows NT 10.0; Win64; x64) AppleWebKit/537.36 (KHTML, like Gecko) Chrome/120.0.0.0 Safari/537.36"
4.193.177.110 - - [13/Mar/2026:06:23:33 +0000] "GET /.tmb/dropdown.php HTTP/1.1" 404 196 "-" "Mozilla/5.0 (Windows NT 10.0; Win64; x64) AppleWebKit/537.36 (KHTML, like Gecko) Chrome/120.0.0.0 Safari/537.36"
4.193.177.110 - - [13/Mar/2026:06:23:33 +0000] "GET /robots.php HTTP/1.1" 404 196 "-" "Mozilla/5.0 (Windows NT 10.0; Win64; x64) AppleWebKit/537.36 (KHTML, like Gecko) Chrome/120.0.0.0 Safari/537.36"
4.193.177.110 - - [13/Mar/2026:06:23:33 +0000] "GET /.well-known/install.php HTTP/1.1" 404 196 "-" "Mozilla/5.0 (Windows NT 10.0; Win64; x64) AppleWebKit/537.36 (KHTML, like Gecko) Chrome/120.0.0.0 Safari/537.36"
4.193.177.110 - - [13/Mar/2026:06:23:33 +0000] "GET /wp-includes/Text/Diff/ HTTP/1.1" 403 195 "-" "Mozilla/5.0 (Windows NT 10.0; Win64; x64) AppleWebKit/537.36 (KHTML, like Gecko) Chrome/120.0.0.0 Safari/537.36"
37.187.103.89 - - [13/Mar/2026:06:23:34 +0000] "POST /wp-cron.php?doing_wp_cron=1773383014.5521399974822998046875 HTTP/1.1" 200 31 "-" "WordPress/6.9.4; https://serdaterra.com.br"
4.193.177.110 - - [13/Mar/2026:06:23:34 +0000] "GET /wp-admin/about.php HTTP/1.1" 302 5 "-" "Mozilla/5.0 (Windows NT 10.0; Win64; x64) AppleWebKit/537.36 (KHTML, like Gecko) Chrome/120.0.0.0 Safari/537.36"
4.193.177.110 - - [13/Mar/2026:06:23:34 +0000] "GET /wp-content/backup.php HTTP/1.1" 404 196 "-" "Mozilla/5.0 (Windows NT 10.0; Win64; x64) AppleWebKit/537.36 (KHTML, like Gecko) Chrome/120.0.0.0 Safari/537.36"
4.193.177.110 - - [13/Mar/2026:06:23:35 +0000] "GET /.well-known/aa.php HTTP/1.1" 404 196 "-" "Mozilla/5.0 (Windows NT 10.0; Win64; x64) AppleWebKit/537.36 (KHTML, like Gecko) Chrome/120.0.0.0 Safari/537.36"
4.193.177.110 - - [13/Mar/2026:06:23:35 +0000] "GET /wp-includes/style-engine/wp-conflg.php HTTP/1.1" 404 196 "-" "Mozilla/5.0 (Windows NT 10.0; Win64; x64) AppleWebKit/537.36 (KHTML, like Gecko) Chrome/120.0.0.0 Safari/537.36"
4.193.177.110 - - [13/Mar/2026:06:23:35 +0000] "GET /wp-content/plugins/alfa-rex.php HTTP/1.1" 404 196 "-" "Mozilla/5.0 (Windows NT 10.0; Win64; x64) AppleWebKit/537.36 (KHTML, like Gecko) Chrome/120.0.0.0 Safari/537.36"
4.193.177.110 - - [13/Mar/2026:06:23:35 +0000] "GET /wp-content/css/ HTTP/1.1" 302 5 "-" "Mozilla/5.0 (Windows NT 10.0; Win64; x64) AppleWebKit/537.36 (KHTML, like Gecko) Chrome/120.0.0.0 Safari/537.36"
4.193.177.110 - - [13/Mar/2026:06:23:35 +0000] "GET /test.php HTTP/1.1" 404 196 "-" "Mozilla/5.0 (Windows NT 10.0; Win64; x64) AppleWebKit/537.36 (KHTML, like Gecko) Chrome/120.0.0.0 Safari/537.36"
4.193.177.110 - - [13/Mar/2026:06:23:36 +0000] "GET /wp-includes/mani.php HTTP/1.1" 404 196 "-" "Mozilla/5.0 (Windows NT 10.0; Win64; x64) AppleWebKit/537.36 (KHTML, like Gecko) Chrome/120.0.0.0 Safari/537.36"
4.193.177.110 - - [13/Mar/2026:06:23:36 +0000] "GET /wp-includes/Test.php HTTP/1.1" 404 196 "-" "Mozilla/5.0 (Windows NT 10.0; Win64; x64) AppleWebKit/537.36 (KHTML, like Gecko) Chrome/120.0.0.0 Safari/537.36"
4.193.177.110 - - [13/Mar/2026:06:23:36 +0000] "GET /wp-includes/pomo.php HTTP/1.1" 404 196 "-" "Mozilla/5.0 (Windows NT 10.0; Win64; x64) AppleWebKit/537.36 (KHTML, like Gecko) Chrome/120.0.0.0 Safari/537.36"
4.193.177.110 - - [13/Mar/2026:06:23:36 +0000] "GET /.well-known/acme-challenge/ HTTP/1.1" 302 5 "-" "Mozilla/5.0 (Windows NT 10.0; Win64; x64) AppleWebKit/537.36 (KHTML, like Gecko) Chrome/120.0.0.0 Safari/537.36"
